Last updated on 2024-04-24 10:22:57 CEST.
Flavor | Version | Tinstall | Tcheck | Ttotal | Status | Flags |
---|---|---|---|---|---|---|
r-devel-linux-x86_64-debian-clang | 0.0.2 | 2.98 | 32.26 | 35.24 | OK | |
r-devel-linux-x86_64-debian-gcc | 0.0.2 | 2.51 | 24.84 | 27.35 | OK | |
r-devel-linux-x86_64-fedora-clang | 0.0.2 | 43.86 | NOTE | |||
r-devel-linux-x86_64-fedora-gcc | 0.0.2 | 42.34 | NOTE | |||
r-devel-windows-x86_64 | 0.0.2 | 5.00 | 48.00 | 53.00 | OK | |
r-patched-linux-x86_64 | 0.0.2 | 3.62 | 31.04 | 34.66 | OK | |
r-release-linux-x86_64 | 0.0.2 | 1.94 | 30.84 | 32.78 | OK | |
r-release-macos-arm64 | 0.0.2 | 25.00 | OK | |||
r-release-windows-x86_64 | 0.0.2 | 5.00 | 51.00 | 56.00 | OK | |
r-oldrel-macos-arm64 | 0.0.2 | 19.00 | NOTE | |||
r-oldrel-macos-x86_64 | 0.0.2 | 26.00 | OK | |||
r-oldrel-windows-x86_64 | 0.0.2 | 6.00 | 56.00 | 62.00 | OK |
Version: 0.0.2
Check: data for non-ASCII characters
Result: NOTE
Note: found 359 marked UTF-8 strings
Flavors: r-devel-linux-x86_64-fedora-clang, r-devel-linux-x86_64-fedora-gcc, r-oldrel-macos-arm64