CRAN Package Check Results for Package iSDM

Last updated on 2021-10-26 10:04:29 CEST.

Flavor Version Tinstall Tcheck Ttotal Status Flags
r-devel-linux-x86_64-debian-clang 1.0 2.54 31.65 34.19 OK
r-devel-linux-x86_64-debian-gcc 1.0 2.19 24.56 26.75 OK
r-devel-linux-x86_64-fedora-clang 1.0 51.36 NOTE
r-devel-linux-x86_64-fedora-gcc 1.0 41.89 NOTE
r-devel-windows-x86_64 1.0 5.00 53.00 58.00 OK
r-devel-windows-x86_64-gcc10-UCRT 1.0 NOTE
r-patched-linux-x86_64 1.0 2.65 30.69 33.34 OK
r-patched-solaris-x86 1.0 62.10 NOTE
r-release-linux-x86_64 1.0 2.80 30.75 33.55 OK
r-release-macos-arm64 1.0 NOTE
r-release-macos-x86_64 1.0 NOTE
r-release-windows-ix86+x86_64 1.0 5.00 51.00 56.00 OK
r-oldrel-macos-x86_64 1.0 NOTE
r-oldrel-windows-ix86+x86_64 1.0 6.00 48.00 54.00 OK

Check Details

Version: 1.0
Check: dependencies in R code
Result: NOTE
    Namespaces in Imports field not imported from:
     ‘colorRamps’ ‘virtualspecies’
     All declared Imports should be used.
Flavors: r-devel-linux-x86_64-fedora-clang, r-devel-linux-x86_64-fedora-gcc, r-devel-windows-x86_64-gcc10-UCRT, r-patched-solaris-x86, r-release-macos-arm64, r-release-macos-x86_64, r-oldrel-macos-x86_64