CRAN Package Check Results for Package iBATCGH

Last updated on 2021-10-21 09:54:53 CEST.

Flavor Version Tinstall Tcheck Ttotal Status Flags
r-devel-linux-x86_64-debian-clang 1.3.1 302.95 67.43 370.38 OK
r-devel-linux-x86_64-debian-gcc 1.3.1 224.93 52.68 277.61 OK
r-devel-linux-x86_64-fedora-clang 1.3.1 606.90 NOTE
r-devel-linux-x86_64-fedora-gcc 1.3.1 528.52 NOTE
r-devel-windows-x86_64 1.3.1 423.00 103.00 526.00 OK
r-devel-windows-x86_64-gcc10-UCRT 1.3.1 OK
r-patched-linux-x86_64 1.3.1 265.31 66.27 331.58 OK
r-patched-solaris-x86 1.3.1 489.80 OK
r-release-linux-x86_64 1.3.1 280.86 65.51 346.37 OK
r-release-macos-arm64 1.3.1 NOTE
r-release-macos-x86_64 1.3.1 NOTE
r-release-windows-ix86+x86_64 1.3.1 603.00 130.00 733.00 NOTE
r-oldrel-macos-x86_64 1.3.1 NOTE
r-oldrel-windows-ix86+x86_64 1.3.1 812.00 139.00 951.00 NOTE

Check Details

Version: 1.3.1
Check: installed package size
Result: NOTE
     installed size is 8.1Mb
     sub-directories of 1Mb or more:
     data 3.0Mb
     libs 5.0Mb
Flavors: r-devel-linux-x86_64-fedora-clang, r-release-macos-arm64, r-release-macos-x86_64, r-release-windows-ix86+x86_64, r-oldrel-macos-x86_64, r-oldrel-windows-ix86+x86_64

Version: 1.3.1
Check: compiled code
Result: NOTE
    File ‘iBATCGH/libs/iBATCGH.so’:
     Found no calls to: ‘R_registerRoutines’, ‘R_useDynamicSymbols’
    
    It is good practice to register native routines and to disable symbol
    search.
    
    See ‘Writing portable packages’ in the ‘Writing R Extensions’ manual.
Flavors: r-devel-linux-x86_64-fedora-clang, r-devel-linux-x86_64-fedora-gcc