CRAN Package Check Results for Package hutils

Last updated on 2021-09-22 09:52:29 CEST.

Flavor Version Tinstall Tcheck Ttotal Status Flags
r-devel-linux-x86_64-debian-clang 1.7.1 5.49 105.88 111.37 OK
r-devel-linux-x86_64-debian-gcc 1.7.1 4.46 80.58 85.04 OK
r-devel-linux-x86_64-fedora-clang 1.7.1 133.89 OK
r-devel-linux-x86_64-fedora-gcc 1.7.1 129.24 OK
r-devel-windows-x86_64 1.7.1 13.00 112.00 125.00 OK
r-devel-windows-x86_64-gcc10-UCRT 1.7.1 ERROR
r-patched-linux-x86_64 1.7.1 5.70 89.19 94.89 OK
r-patched-solaris-x86 1.7.1 185.50 OK
r-release-linux-x86_64 1.7.1 5.75 91.80 97.55 OK
r-release-macos-arm64 1.7.1 OK
r-release-macos-x86_64 1.7.1 OK
r-release-windows-ix86+x86_64 1.7.1 11.00 102.00 113.00 OK
r-oldrel-macos-x86_64 1.7.1 OK
r-oldrel-windows-ix86+x86_64 1.7.1 35.00 106.00 141.00 OK

Check Details

Version: 1.7.1
Check: package dependencies
Result: NOTE
    Package suggested but not available for checking: 'Hmisc'
Flavor: r-devel-windows-x86_64-gcc10-UCRT

Version: 1.7.1
Check: PDF version of manual
Result: WARN
    LaTeX errors when creating PDF version.
    This typically indicates Rd problems.
Flavor: r-devel-windows-x86_64-gcc10-UCRT

Version: 1.7.1
Check: PDF version of manual without hyperrefs or index
Result: ERROR
    Re-running with no redirection of stdout/stderr.
Flavor: r-devel-windows-x86_64-gcc10-UCRT