CRAN Package Check Results for Package httptest

Last updated on 2021-09-22 09:52:29 CEST.

Flavor Version Tinstall Tcheck Ttotal Status Flags
r-devel-linux-x86_64-debian-clang 4.0.0 3.00 54.99 57.99 OK
r-devel-linux-x86_64-debian-gcc 4.0.0 2.94 42.39 45.33 OK
r-devel-linux-x86_64-fedora-clang 4.0.0 78.92 OK
r-devel-linux-x86_64-fedora-gcc 4.0.0 70.72 OK
r-devel-windows-x86_64 4.0.0 6.00 69.00 75.00 OK
r-devel-windows-x86_64-gcc10-UCRT 4.0.0 ERROR
r-patched-linux-x86_64 4.0.0 3.47 53.68 57.15 OK
r-patched-solaris-x86 4.0.0 99.10 OK
r-release-linux-x86_64 4.0.0 2.48 53.98 56.46 OK
r-release-macos-arm64 4.0.0 OK
r-release-macos-x86_64 4.0.0 OK
r-release-windows-ix86+x86_64 4.0.0 9.00 68.00 77.00 OK
r-oldrel-macos-x86_64 4.0.0 OK
r-oldrel-windows-ix86+x86_64 4.0.0 6.00 64.00 70.00 OK

Check Details

Version: 4.0.0
Check: package dependencies
Result: NOTE
    Packages suggested but not available for checking: 'spelling', 'xml2'
Flavor: r-devel-windows-x86_64-gcc10-UCRT

Version: 4.0.0
Check: tests
Result: ERROR
     Running 'spelling.R'
    Running the tests in 'tests/spelling.R' failed.
    Complete output:
     > spelling::spell_check_test(vignettes = TRUE, error = identical(Sys.getenv("TRAVIS"), "true"))
     Error in loadNamespace(x) : there is no package called 'spelling'
     Calls: loadNamespace -> withRestarts -> withOneRestart -> doWithOneRestart
     Execution halted
Flavor: r-devel-windows-x86_64-gcc10-UCRT

Version: 4.0.0
Check: PDF version of manual
Result: WARN
    LaTeX errors when creating PDF version.
    This typically indicates Rd problems.
Flavor: r-devel-windows-x86_64-gcc10-UCRT

Version: 4.0.0
Check: PDF version of manual without hyperrefs or index
Result: ERROR
    Re-running with no redirection of stdout/stderr.
Flavor: r-devel-windows-x86_64-gcc10-UCRT