CRAN Package Check Results for Package htmlwidgets

Last updated on 2021-09-23 10:53:27 CEST.

Flavor Version Tinstall Tcheck Ttotal Status Flags
r-devel-linux-x86_64-debian-clang 1.5.4 3.68 35.06 38.74 OK
r-devel-linux-x86_64-debian-gcc 1.5.4 2.61 27.43 30.04 OK
r-devel-linux-x86_64-fedora-clang 1.5.4 55.90 OK
r-devel-linux-x86_64-fedora-gcc 1.5.4 47.14 OK
r-devel-windows-x86_64 1.5.4 6.00 46.00 52.00 OK
r-devel-windows-x86_64-gcc10-UCRT 1.5.4 ERROR
r-patched-linux-x86_64 1.5.4 3.82 35.09 38.91 OK
r-patched-solaris-x86 1.5.4 70.20 OK
r-release-linux-x86_64 1.5.4 2.88 35.42 38.30 OK
r-release-macos-arm64 1.5.4 OK
r-release-macos-x86_64 1.5.4 OK
r-release-windows-ix86+x86_64 1.5.4 7.00 44.00 51.00 OK
r-oldrel-macos-x86_64 1.5.4 OK
r-oldrel-windows-ix86+x86_64 1.5.4 7.00 41.00 48.00 OK

Check Details

Version: 1.5.4
Check: PDF version of manual
Result: WARN
    LaTeX errors when creating PDF version.
    This typically indicates Rd problems.
Flavor: r-devel-windows-x86_64-gcc10-UCRT

Version: 1.5.4
Check: PDF version of manual without hyperrefs or index
Result: ERROR
    Re-running with no redirection of stdout/stderr.
Flavor: r-devel-windows-x86_64-gcc10-UCRT