CRAN Package Check Results for Package htmltidy

Last updated on 2021-10-21 09:54:53 CEST.

Flavor Version Tinstall Tcheck Ttotal Status Flags
r-devel-linux-x86_64-debian-clang 0.5.0 49.30 36.75 86.05 NOTE
r-devel-linux-x86_64-debian-gcc 0.5.0 36.16 29.02 65.18 NOTE
r-devel-linux-x86_64-fedora-clang 0.5.0 140.71 NOTE
r-devel-linux-x86_64-fedora-gcc 0.5.0 111.63 NOTE
r-devel-windows-x86_64 0.5.0 72.00 68.00 140.00 NOTE
r-devel-windows-x86_64-gcc10-UCRT 0.5.0 NOTE
r-patched-linux-x86_64 0.5.0 38.38 35.90 74.28 NOTE
r-patched-solaris-x86 0.5.0 127.80 NOTE
r-release-linux-x86_64 0.5.0 41.54 36.02 77.56 NOTE
r-release-macos-arm64 0.5.0 NOTE
r-release-macos-x86_64 0.5.0 NOTE
r-release-windows-ix86+x86_64 0.5.0 107.00 86.00 193.00 NOTE
r-oldrel-macos-x86_64 0.5.0 OK
r-oldrel-windows-ix86+x86_64 0.5.0 144.00 88.00 232.00 NOTE

Check Details

Version: 0.5.0
Check: LazyData
Result: NOTE
     'LazyData' is specified without a 'data' directory
Flavors: r-devel-linux-x86_64-debian-clang, r-devel-linux-x86_64-debian-gcc, r-devel-linux-x86_64-fedora-clang, r-devel-linux-x86_64-fedora-gcc, r-devel-windows-x86_64, r-devel-windows-x86_64-gcc10-UCRT, r-patched-linux-x86_64, r-patched-solaris-x86, r-release-linux-x86_64, r-release-macos-arm64, r-release-macos-x86_64, r-release-windows-ix86+x86_64

Version: 0.5.0
Check: installed package size
Result: NOTE
     installed size is 5.1Mb
     sub-directories of 1Mb or more:
     htmlwidgets 1.8Mb
     libs 3.1Mb
Flavors: r-release-windows-ix86+x86_64, r-oldrel-windows-ix86+x86_64