CRAN Package Check Results for Package hnp

Last updated on 2021-09-28 09:53:19 CEST.

Flavor Version Tinstall Tcheck Ttotal Status Flags
r-devel-linux-x86_64-debian-clang 1.2-6 4.59 55.12 59.71 NOTE
r-devel-linux-x86_64-debian-gcc 1.2-6 3.95 41.62 45.57 NOTE
r-devel-linux-x86_64-fedora-clang 1.2-6 85.51 NOTE
r-devel-linux-x86_64-fedora-gcc 1.2-6 71.01 NOTE
r-devel-windows-x86_64 1.2-6 8.00 54.00 62.00 NOTE
r-devel-windows-x86_64-gcc10-UCRT 1.2-6 NOTE
r-patched-linux-x86_64 1.2-6 5.26 53.83 59.09 NOTE
r-patched-solaris-x86 1.2-6 97.40 NOTE
r-release-linux-x86_64 1.2-6 4.57 54.35 58.92 NOTE
r-release-macos-arm64 1.2-6 NOTE
r-release-macos-x86_64 1.2-6 NOTE
r-release-windows-ix86+x86_64 1.2-6 9.00 52.00 61.00 NOTE
r-oldrel-macos-x86_64 1.2-6 NOTE
r-oldrel-windows-ix86+x86_64 1.2-6 19.00 54.00 73.00 NOTE

Check Details

Version: 1.2-6
Check: package dependencies
Result: NOTE
    Package suggested but not available for checking: 'glmmADMB'
Flavors: r-devel-linux-x86_64-debian-clang, r-devel-linux-x86_64-debian-gcc, r-devel-linux-x86_64-fedora-clang, r-devel-linux-x86_64-fedora-gcc, r-devel-windows-x86_64, r-devel-windows-x86_64-gcc10-UCRT, r-patched-linux-x86_64, r-patched-solaris-x86, r-release-linux-x86_64, r-release-macos-arm64, r-release-macos-x86_64, r-release-windows-ix86+x86_64, r-oldrel-macos-x86_64, r-oldrel-windows-ix86+x86_64