CRAN Package Check Results for Package histry

Last updated on 2021-12-03 10:50:52 CET.

Flavor Version Tinstall Tcheck Ttotal Status Flags
r-devel-linux-x86_64-debian-clang 0.2.4 7.71 62.68 70.39 OK
r-devel-linux-x86_64-debian-gcc 0.2.4 6.74 48.61 55.35 OK
r-devel-linux-x86_64-fedora-clang 0.2.4 96.83 OK
r-devel-linux-x86_64-fedora-gcc 0.2.4 85.82 OK
r-devel-windows-x86_64-new-UL 0.2.4 21.00 112.00 133.00 OK
r-devel-windows-x86_64-new-TK 0.2.4 OK
r-devel-windows-x86_64-old 0.2.4 16.00 65.00 81.00 OK
r-patched-linux-x86_64 0.2.4 7.51 62.69 70.20 OK
r-patched-solaris-x86 0.2.4 137.60 NOTE
r-release-linux-x86_64 0.2.4 8.02 64.01 72.03 OK
r-release-macos-arm64 0.2.4 OK
r-release-macos-x86_64 0.2.4 OK
r-release-windows-ix86+x86_64 0.2.4 21.00 93.00 114.00 OK
r-oldrel-macos-x86_64 0.2.4 OK
r-oldrel-windows-ix86+x86_64 0.2.4 20.00 89.00 109.00 OK

Check Details

Version: 0.2.4
Check: package dependencies
Result: NOTE
    Package suggested but not available for checking: ‘trackr’
Flavor: r-patched-solaris-x86