CRAN Package Check Results for Package hipread

Last updated on 2021-10-25 09:55:22 CEST.

Flavor Version Tinstall Tcheck Ttotal Status Flags
r-devel-linux-x86_64-debian-clang 0.2.2 125.45 42.24 167.69 NOTE
r-devel-linux-x86_64-debian-gcc 0.2.2 106.92 31.70 138.62 NOTE
r-devel-linux-x86_64-fedora-clang 0.2.2 283.44 NOTE
r-devel-linux-x86_64-fedora-gcc 0.2.2 253.79 NOTE
r-devel-windows-x86_64 0.2.2 218.00 79.00 297.00 NOTE
r-devel-windows-x86_64-gcc10-UCRT 0.2.2 NOTE
r-patched-linux-x86_64 0.2.2 121.58 39.54 161.12 NOTE
r-patched-solaris-x86 0.2.2 266.00 NOTE
r-release-linux-x86_64 0.2.2 124.74 40.00 164.74 NOTE
r-release-macos-arm64 0.2.2 NOTE
r-release-macos-x86_64 0.2.2 NOTE
r-release-windows-ix86+x86_64 0.2.2 310.00 97.00 407.00 NOTE
r-oldrel-macos-x86_64 0.2.2 NOTE
r-oldrel-windows-ix86+x86_64 0.2.2 443.00 98.00 541.00 OK

Check Details

Version: 0.2.2
Check: LazyData
Result: NOTE
     'LazyData' is specified without a 'data' directory
Flavors: r-devel-linux-x86_64-debian-clang, r-devel-linux-x86_64-debian-gcc, r-devel-linux-x86_64-fedora-clang, r-devel-linux-x86_64-fedora-gcc, r-devel-windows-x86_64, r-devel-windows-x86_64-gcc10-UCRT, r-patched-linux-x86_64, r-patched-solaris-x86, r-release-linux-x86_64, r-release-macos-arm64, r-release-macos-x86_64, r-release-windows-ix86+x86_64

Version: 0.2.2
Check: installed package size
Result: NOTE
     installed size is 5.8Mb
     sub-directories of 1Mb or more:
     libs 5.4Mb
Flavors: r-release-macos-arm64, r-oldrel-macos-x86_64