Last updated on 2024-04-24 10:22:57 CEST.
Flavor | Version | Tinstall | Tcheck | Ttotal | Status | Flags |
---|---|---|---|---|---|---|
r-devel-linux-x86_64-debian-clang | 0.2.4 | 152.48 | 51.92 | 204.40 | NOTE | |
r-devel-linux-x86_64-debian-gcc | 0.2.4 | 123.98 | 38.91 | 162.89 | NOTE | |
r-devel-linux-x86_64-fedora-clang | 0.2.4 | 330.45 | NOTE | |||
r-devel-linux-x86_64-fedora-gcc | 0.2.4 | 305.47 | NOTE | |||
r-devel-windows-x86_64 | 0.2.4 | 144.00 | 81.00 | 225.00 | OK | |
r-patched-linux-x86_64 | 0.2.4 | 153.56 | 49.23 | 202.79 | OK | |
r-release-linux-x86_64 | 0.2.4 | 154.87 | 50.46 | 205.33 | OK | |
r-release-macos-arm64 | 0.2.4 | 69.00 | OK | |||
r-release-windows-x86_64 | 0.2.4 | 183.00 | 91.00 | 274.00 | OK | |
r-oldrel-macos-arm64 | 0.2.4 | 66.00 | OK | |||
r-oldrel-macos-x86_64 | 0.2.4 | 77.00 | OK | |||
r-oldrel-windows-x86_64 | 0.2.4 | 170.00 | 88.00 | 258.00 | OK |
Version: 0.2.4
Check: compiled code
Result: NOTE
File ‘hipread/libs/hipread.so’:
Found non-API calls to R: ‘SETLENGTH’, ‘SET_TRUELENGTH’
Compiled code should not call non-API entry points in R.
See ‘Writing portable packages’ in the ‘Writing R Extensions’ manual.
Flavors: r-devel-linux-x86_64-debian-clang, r-devel-linux-x86_64-debian-gcc, r-devel-linux-x86_64-fedora-clang, r-devel-linux-x86_64-fedora-gcc