CRAN Package Check Results for Package himach

Last updated on 2021-07-29 10:53:01 CEST.

Flavor Version Tinstall Tcheck Ttotal Status Flags
r-devel-linux-x86_64-debian-clang 0.2.1 OK
r-devel-linux-x86_64-debian-gcc 0.2.1 9.26 136.28 145.54 OK
r-devel-linux-x86_64-fedora-clang 0.2.1 236.16 OK
r-devel-linux-x86_64-fedora-gcc 0.2.1 230.85 OK
r-devel-windows-x86_64 0.2.1 13.00 247.00 260.00 OK
r-devel-windows-x86_64-gcc10-UCRT 0.2.1 OK
r-patched-linux-x86_64 0.2.1 8.81 173.75 182.56 OK
r-patched-solaris-x86 0.2.1 285.70 OK
r-release-linux-x86_64 0.2.1 9.63 173.54 183.17 OK
r-release-macos-arm64 0.2.1 WARN
r-release-macos-x86_64 0.2.1 OK
r-release-windows-ix86+x86_64 0.2.1 23.00 239.00 262.00 OK
r-oldrel-macos-x86_64 0.2.1 OK
r-oldrel-windows-ix86+x86_64 0.2.1 18.00 246.00 264.00 OK

Check Details

Version: 0.2.1
Check: re-building of vignette outputs
Result: WARN
    Error(s) in re-building vignettes:
     ...
    --- re-building ‘Supersonic_Routes.Rmd’ using rmarkdown
    Warning in engine$weave(file, quiet = quiet, encoding = enc) :
     Pandoc (>= 1.12.3) not available. Falling back to R Markdown v1.
    Quitting from lines 126-148 (Supersonic_Routes.Rmd)
    Error: processing vignette 'Supersonic_Routes.Rmd' failed with diagnostics:
    polygon edge not found
    --- failed re-building ‘Supersonic_Routes.Rmd’
    
    --- re-building ‘Supersonic_Routes_in_depth.Rmd’ using rmarkdown
    Warning in engine$weave(file, quiet = quiet, encoding = enc) :
     Pandoc (>= 1.12.3) not available. Falling back to R Markdown v1.
    Quitting from lines 110-149 (Supersonic_Routes_in_depth.Rmd)
    Error: processing vignette 'Supersonic_Routes_in_depth.Rmd' failed with diagnostics:
    polygon edge not found
    --- failed re-building ‘Supersonic_Routes_in_depth.Rmd’
    
    SUMMARY: processing the following files failed:
     ‘Supersonic_Routes.Rmd’ ‘Supersonic_Routes_in_depth.Rmd’
    
    Error: Vignette re-building failed.
    Execution halted
Flavor: r-release-macos-arm64