CRAN Package Check Results for Package hilbertSimilarity

Last updated on 2021-09-17 09:53:25 CEST.

Flavor Version Tinstall Tcheck Ttotal Status Flags
r-devel-linux-x86_64-debian-clang 0.4.3 19.23 192.03 211.26 NOTE
r-devel-linux-x86_64-debian-gcc 0.4.3 12.15 140.94 153.09 NOTE
r-devel-linux-x86_64-fedora-clang 0.4.3 254.21 NOTE
r-devel-linux-x86_64-fedora-gcc 0.4.3 243.34 NOTE
r-devel-windows-x86_64 0.4.3 20.00 248.00 268.00 NOTE
r-devel-windows-x86_64-gcc10-UCRT 0.4.3 NOTE
r-patched-linux-x86_64 0.4.3 15.94 185.74 201.68 NOTE
r-patched-solaris-x86 0.4.3 270.70 WARN
r-release-linux-x86_64 0.4.3 15.42 189.18 204.60 NOTE
r-release-macos-arm64 0.4.3 NOTE
r-release-macos-x86_64 0.4.3 NOTE
r-release-windows-ix86+x86_64 0.4.3 46.00 195.00 241.00 NOTE
r-oldrel-macos-x86_64 0.4.3 OK
r-oldrel-windows-ix86+x86_64 0.4.3 34.00 245.00 279.00 OK

Check Details

Version: 0.4.3
Check: LazyData
Result: NOTE
     'LazyData' is specified without a 'data' directory
Flavors: r-devel-linux-x86_64-debian-clang, r-devel-linux-x86_64-debian-gcc, r-devel-linux-x86_64-fedora-clang, r-devel-linux-x86_64-fedora-gcc, r-devel-windows-x86_64, r-devel-windows-x86_64-gcc10-UCRT, r-patched-linux-x86_64, r-patched-solaris-x86, r-release-linux-x86_64, r-release-macos-arm64, r-release-macos-x86_64, r-release-windows-ix86+x86_64

Version: 0.4.3
Check: whether package can be installed
Result: WARN
    Found the following significant warnings:
     mapping.cpp:95:58: warning: ISO C++ says that these are ambiguous, even though the worst conversion for the first is better than the worst conversion for the second:
Flavor: r-patched-solaris-x86