CRAN Package Check Results for Package highfrequency

Last updated on 2021-10-22 09:53:06 CEST.

Flavor Version Tinstall Tcheck Ttotal Status Flags
r-devel-linux-x86_64-debian-clang 0.9.0 124.85 262.11 386.96 OK
r-devel-linux-x86_64-debian-gcc 0.9.0 86.65 196.10 282.75 OK
r-devel-linux-x86_64-fedora-clang 0.9.0 478.85 NOTE
r-devel-linux-x86_64-fedora-gcc 0.9.0 427.20 NOTE
r-devel-windows-x86_64 0.9.0 164.00 316.00 480.00 OK
r-devel-windows-x86_64-gcc10-UCRT 0.9.0 NOTE
r-patched-linux-x86_64 0.9.0 106.12 226.66 332.78 OK
r-patched-solaris-x86 0.9.0 439.70 NOTE
r-release-linux-x86_64 0.9.0 110.74 225.97 336.71 OK
r-release-macos-arm64 0.9.0 NOTE
r-release-macos-x86_64 0.9.0 NOTE
r-release-windows-ix86+x86_64 0.9.0 210.00 491.00 701.00 NOTE
r-oldrel-macos-x86_64 0.9.0 NOTE
r-oldrel-windows-ix86+x86_64 0.9.0 290.00 478.00 768.00 NOTE

Check Details

Version: 0.9.0
Check: installed package size
Result: NOTE
     installed size is 6.3Mb
     sub-directories of 1Mb or more:
     data 2.0Mb
     libs 3.3Mb
Flavors: r-devel-linux-x86_64-fedora-clang, r-release-macos-arm64, r-release-macos-x86_64, r-release-windows-ix86+x86_64, r-oldrel-macos-x86_64, r-oldrel-windows-ix86+x86_64

Version: 0.9.0
Check: dependencies in R code
Result: NOTE
    Namespaces in Imports field not imported from:
     ‘cubature’ ‘mvtnorm’
     All declared Imports should be used.
Flavors: r-devel-linux-x86_64-fedora-clang, r-devel-linux-x86_64-fedora-gcc, r-devel-windows-x86_64-gcc10-UCRT, r-patched-solaris-x86, r-release-macos-arm64, r-release-macos-x86_64, r-oldrel-macos-x86_64