CRAN Package Check Results for Package hht

Last updated on 2021-10-18 09:54:45 CEST.

Flavor Version Tinstall Tcheck Ttotal Status Flags
r-devel-linux-x86_64-debian-clang 2.1.4 10.29 90.81 101.10 OK
r-devel-linux-x86_64-debian-gcc 2.1.4 7.92 70.02 77.94 OK
r-devel-linux-x86_64-fedora-clang 2.1.4 133.98 NOTE
r-devel-linux-x86_64-fedora-gcc 2.1.4 118.98 NOTE
r-devel-windows-x86_64 2.1.4 16.00 122.00 138.00 OK
r-devel-windows-x86_64-gcc10-UCRT 2.1.4 NOTE
r-patched-linux-x86_64 2.1.4 9.44 87.15 96.59 OK
r-patched-solaris-x86 2.1.4 179.70 NOTE
r-release-linux-x86_64 2.1.4 10.86 87.40 98.26 OK
r-release-macos-arm64 2.1.4 NOTE
r-release-macos-x86_64 2.1.4 NOTE
r-release-windows-ix86+x86_64 2.1.4 23.00 120.00 143.00 OK
r-oldrel-macos-x86_64 2.1.4 NOTE
r-oldrel-windows-ix86+x86_64 2.1.4 23.00 123.00 146.00 OK

Check Details

Version: 2.1.4
Check: dependencies in R code
Result: NOTE
    Namespace in Imports field not imported from: ‘spatstat.linnet’
     All declared Imports should be used.
Flavors: r-devel-linux-x86_64-fedora-clang, r-devel-linux-x86_64-fedora-gcc, r-devel-windows-x86_64-gcc10-UCRT, r-patched-solaris-x86, r-release-macos-arm64, r-release-macos-x86_64, r-oldrel-macos-x86_64