CRAN Package Check Results for Package hexbin

Last updated on 2021-07-25 09:50:21 CEST.

Flavor Version Tinstall Tcheck Ttotal Status Flags
r-devel-linux-x86_64-debian-clang 1.28.2 9.44 73.73 83.17 OK
r-devel-linux-x86_64-debian-gcc 1.28.2 7.92 56.78 64.70 OK
r-devel-linux-x86_64-fedora-clang 1.28.2 109.39 OK
r-devel-linux-x86_64-fedora-gcc 1.28.2 98.16 OK
r-devel-windows-x86_64 1.28.2 18.00 75.00 93.00 OK
r-devel-windows-x86_64-gcc10-UCRT 1.28.2 OK
r-patched-linux-x86_64 1.28.2 9.17 70.86 80.03 OK
r-patched-solaris-x86 1.28.2 133.90 OK
r-release-linux-x86_64 1.28.2 9.59 71.50 81.09 OK
r-release-macos-arm64 1.28.2 NOTE
r-release-macos-x86_64 1.28.2 OK
r-release-windows-ix86+x86_64 1.28.2 23.00 93.00 116.00 OK
r-oldrel-macos-x86_64 1.28.2 OK
r-oldrel-windows-ix86+x86_64 1.28.2 36.00 96.00 132.00 OK

Check Details

Version: 1.28.2
Check: package dependencies
Result: NOTE
    Package suggested but not available for checking: ‘marray’
Flavor: r-release-macos-arm64