CRAN Package Check Results for Package hexSticker

Last updated on 2021-08-04 09:54:53 CEST.

Flavor Version Tinstall Tcheck Ttotal Status Flags
r-devel-linux-x86_64-debian-clang 0.4.9 5.62 58.03 63.65 NOTE
r-devel-linux-x86_64-debian-gcc 0.4.9 4.76 42.02 46.78 NOTE
r-devel-linux-x86_64-fedora-clang 0.4.9 82.58 NOTE
r-devel-linux-x86_64-fedora-gcc 0.4.9 68.40 NOTE
r-devel-windows-x86_64 0.4.9 8.00 78.00 86.00 NOTE
r-devel-windows-x86_64-gcc10-UCRT 0.4.9 NOTE
r-patched-linux-x86_64 0.4.9 5.40 52.21 57.61 NOTE
r-patched-solaris-x86 0.4.9 101.80 NOTE
r-release-linux-x86_64 0.4.9 5.65 51.73 57.38 NOTE
r-release-macos-arm64 0.4.9 ERROR
r-release-macos-x86_64 0.4.9 NOTE
r-release-windows-ix86+x86_64 0.4.9 15.00 73.00 88.00 NOTE
r-oldrel-macos-x86_64 0.4.9 OK
r-oldrel-windows-ix86+x86_64 0.4.9 18.00 77.00 95.00 OK

Check Details

Version: 0.4.9
Check: LazyData
Result: NOTE
     'LazyData' is specified without a 'data' directory
Flavors: r-devel-linux-x86_64-debian-clang, r-devel-linux-x86_64-debian-gcc, r-devel-linux-x86_64-fedora-clang, r-devel-linux-x86_64-fedora-gcc, r-devel-windows-x86_64, r-devel-windows-x86_64-gcc10-UCRT, r-patched-linux-x86_64, r-patched-solaris-x86, r-release-linux-x86_64, r-release-macos-x86_64, r-release-windows-ix86+x86_64

Version: 0.4.9
Check: package dependencies
Result: ERROR
    Packages required but not available: 'showtext', 'sysfonts'
    
    See section ‘The DESCRIPTION file’ in the ‘Writing R Extensions’
    manual.
Flavor: r-release-macos-arm64