CRAN Package Check Results for Package healthyverse

Last updated on 2021-10-20 09:55:10 CEST.

Flavor Version Tinstall Tcheck Ttotal Status Flags
r-devel-linux-x86_64-debian-clang 1.0.1 5.25 54.06 59.31 OK
r-devel-linux-x86_64-debian-gcc 1.0.1 4.48 40.57 45.05 OK
r-devel-linux-x86_64-fedora-clang 1.0.1 88.13 NOTE
r-devel-linux-x86_64-fedora-gcc 1.0.1 76.16 NOTE
r-devel-windows-x86_64 1.0.1 11.00 77.00 88.00 OK
r-devel-windows-x86_64-gcc10-UCRT 1.0.1 NOTE
r-patched-linux-x86_64 1.0.1 5.57 51.17 56.74 OK
r-patched-solaris-x86 1.0.1 99.60 NOTE
r-release-linux-x86_64 1.0.1 5.20 50.75 55.95 OK
r-release-macos-arm64 1.0.1 NOTE
r-release-macos-x86_64 1.0.1 NOTE
r-release-windows-ix86+x86_64 1.0.1 20.00 74.00 94.00 OK
r-oldrel-macos-x86_64 1.0.1 NOTE
r-oldrel-windows-ix86+x86_64 1.0.1 21.00 82.00 103.00 OK

Check Details

Version: 1.0.1
Check: dependencies in R code
Result: NOTE
    Namespaces in Imports field not imported from:
     ‘healthyR’ ‘healthyR.ai’ ‘healthyR.data’ ‘healthyR.ts’
     All declared Imports should be used.
Flavors: r-devel-linux-x86_64-fedora-clang, r-devel-linux-x86_64-fedora-gcc, r-devel-windows-x86_64-gcc10-UCRT, r-patched-solaris-x86, r-release-macos-arm64, r-release-macos-x86_64, r-oldrel-macos-x86_64