Last updated on 2024-04-26 09:52:01 CEST.
Flavor | Version | Tinstall | Tcheck | Ttotal | Status | Flags |
---|---|---|---|---|---|---|
r-devel-linux-x86_64-debian-clang | 1.3.10 | 61.85 | 146.26 | 208.11 | NOTE | |
r-devel-linux-x86_64-debian-gcc | 1.3.10 | 53.01 | 108.12 | 161.13 | NOTE | |
r-devel-linux-x86_64-fedora-clang | 1.3.10 | 272.37 | NOTE | |||
r-devel-linux-x86_64-fedora-gcc | 1.3.10 | 275.88 | NOTE | |||
r-devel-windows-x86_64 | 1.3.10 | 63.00 | 155.00 | 218.00 | NOTE | |
r-patched-linux-x86_64 | 1.3.10 | 68.05 | 135.91 | 203.96 | OK | |
r-release-linux-x86_64 | 1.3.10 | 58.12 | 140.40 | 198.52 | OK | |
r-release-macos-arm64 | 1.3.10 | 81.00 | NOTE | |||
r-release-macos-x86_64 | 1.3.10 | 202.00 | NOTE | |||
r-release-windows-x86_64 | 1.3.10 | 62.00 | 152.00 | 214.00 | NOTE | |
r-oldrel-macos-arm64 | 1.3.10 | 89.00 | NOTE | |||
r-oldrel-macos-x86_64 | 1.3.10 | 185.00 | NOTE | |||
r-oldrel-windows-x86_64 | 1.3.10 | 76.00 | 203.00 | 279.00 | NOTE |
Version: 1.3.10
Check: compiled code
Result: NOTE
File ‘hdf5r/libs/hdf5r.so’:
Found non-API call to R: ‘SETLENGTH’
Compiled code should not call non-API entry points in R.
See ‘Writing portable packages’ in the ‘Writing R Extensions’ manual.
Flavors: r-devel-linux-x86_64-debian-clang, r-devel-linux-x86_64-debian-gcc, r-devel-linux-x86_64-fedora-clang, r-devel-linux-x86_64-fedora-gcc
Version: 1.3.10
Check: installed package size
Result: NOTE
installed size is 7.1Mb
sub-directories of 1Mb or more:
libs 4.5Mb
Flavors: r-devel-windows-x86_64, r-release-macos-arm64, r-release-macos-x86_64, r-release-windows-x86_64, r-oldrel-macos-arm64, r-oldrel-macos-x86_64, r-oldrel-windows-x86_64
Version: 1.3.10
Check: compiled code
Result: NOTE
File 'hdf5r/libs/x64/hdf5r.dll':
Found non-API call to R: 'SETLENGTH'
Compiled code should not call non-API entry points in R.
See 'Writing portable packages' in the 'Writing R Extensions' manual.
Flavor: r-devel-windows-x86_64