CRAN Package Check Results for Package hchinamap

Last updated on 2021-10-22 09:53:06 CEST.

Flavor Version Tinstall Tcheck Ttotal Status Flags
r-devel-linux-x86_64-debian-clang 0.1.0 2.85 27.17 30.02 NOTE
r-devel-linux-x86_64-debian-gcc 0.1.0 2.04 21.66 23.70 NOTE
r-devel-linux-x86_64-fedora-clang 0.1.0 46.77 NOTE
r-devel-linux-x86_64-fedora-gcc 0.1.0 36.62 NOTE
r-devel-windows-x86_64 0.1.0 7.00 50.00 57.00 NOTE
r-devel-windows-x86_64-gcc10-UCRT 0.1.0 NOTE
r-patched-linux-x86_64 0.1.0 2.57 25.82 28.39 NOTE
r-patched-solaris-x86 0.1.0 55.40 NOTE
r-release-linux-x86_64 0.1.0 2.72 25.77 28.49 NOTE
r-release-macos-arm64 0.1.0 NOTE
r-release-macos-x86_64 0.1.0 WARN
r-release-windows-ix86+x86_64 0.1.0 6.00 46.00 52.00 NOTE
r-oldrel-macos-x86_64 0.1.0 WARN
r-oldrel-windows-ix86+x86_64 0.1.0 7.00 49.00 56.00 NOTE

Check Details

Version: 0.1.0
Check: LazyData
Result: NOTE
     'LazyData' is specified without a 'data' directory
Flavors: r-devel-linux-x86_64-debian-clang, r-devel-linux-x86_64-debian-gcc, r-devel-linux-x86_64-fedora-clang, r-devel-linux-x86_64-fedora-gcc, r-devel-windows-x86_64, r-devel-windows-x86_64-gcc10-UCRT, r-patched-linux-x86_64, r-patched-solaris-x86, r-release-linux-x86_64, r-release-macos-arm64, r-release-macos-x86_64, r-release-windows-ix86+x86_64

Version: 0.1.0
Check: installed package size
Result: NOTE
     installed size is 5.6Mb
     sub-directories of 1Mb or more:
     doc 2.7Mb
     htmlwidgets 2.8Mb
Flavors: r-devel-linux-x86_64-fedora-clang, r-devel-windows-x86_64, r-patched-solaris-x86, r-release-macos-arm64, r-release-macos-x86_64, r-release-windows-ix86+x86_64, r-oldrel-macos-x86_64, r-oldrel-windows-ix86+x86_64

Version: 0.1.0
Check: re-building of vignette outputs
Result: WARN
    Error(s) in re-building vignettes:
     ...
    --- re-building ‘hchinamap.Rmd’ using rmarkdown
    Warning in engine$weave(file, quiet = quiet, encoding = enc) :
     Pandoc (>= 1.12.3) not available. Falling back to R Markdown v1.
    trying URL 'https://czxb.github.io/br/chinadf.rda'
    Content type 'application/octet-stream' length 3992 bytes
    ==================================================
    downloaded 3992 bytes
    
    Quitting from lines 50-58 (hchinamap.Rmd)
    Error: processing vignette 'hchinamap.Rmd' failed with diagnostics:
    invalid 'path' argument
    --- failed re-building ‘hchinamap.Rmd’
    
    SUMMARY: processing the following file failed:
     ‘hchinamap.Rmd’
    
    Error: Vignette re-building failed.
    Execution halted
Flavor: r-release-macos-x86_64

Version: 0.1.0
Check: re-building of vignette outputs
Result: WARN
    Error(s) in re-building vignettes:
     ...
    --- re-building ‘hchinamap.Rmd’ using rmarkdown
    Warning in engine$weave(file, quiet = quiet, encoding = enc) :
     Pandoc (>= 1.12.3) and/or pandoc-citeproc not available. Falling back to R Markdown v1.
    trying URL 'https://czxb.github.io/br/chinadf.rda'
    Content type 'application/octet-stream' length 3992 bytes
    ==================================================
    downloaded 3992 bytes
    
    Quitting from lines 50-58 (hchinamap.Rmd)
    Error: processing vignette 'hchinamap.Rmd' failed with diagnostics:
    cannot open the connection
    --- failed re-building ‘hchinamap.Rmd’
    
    SUMMARY: processing the following file failed:
     ‘hchinamap.Rmd’
    
    Error: Vignette re-building failed.
    Execution halted
Flavor: r-oldrel-macos-x86_64