CRAN Package Check Results for Package hablar

Last updated on 2021-10-20 09:55:10 CEST.

Flavor Version Tinstall Tcheck Ttotal Status Flags
r-devel-linux-x86_64-debian-clang 0.3.0 5.16 58.65 63.81 NOTE
r-devel-linux-x86_64-debian-gcc 0.3.0 3.85 44.47 48.32 NOTE
r-devel-linux-x86_64-fedora-clang 0.3.0 88.41 NOTE
r-devel-linux-x86_64-fedora-gcc 0.3.0 74.37 NOTE
r-devel-windows-x86_64 0.3.0 9.00 90.00 99.00 NOTE
r-devel-windows-x86_64-gcc10-UCRT 0.3.0 NOTE
r-patched-linux-x86_64 0.3.0 5.63 59.51 65.14 NOTE
r-patched-solaris-x86 0.3.0 99.10 NOTE
r-release-linux-x86_64 0.3.0 4.63 59.97 64.60 NOTE
r-release-macos-arm64 0.3.0 NOTE
r-release-macos-x86_64 0.3.0 WARN
r-release-windows-ix86+x86_64 0.3.0 14.00 84.00 98.00 NOTE
r-oldrel-macos-x86_64 0.3.0 WARN
r-oldrel-windows-ix86+x86_64 0.3.0 12.00 87.00 99.00 OK

Check Details

Version: 0.3.0
Check: LazyData
Result: NOTE
     'LazyData' is specified without a 'data' directory
Flavors: r-devel-linux-x86_64-debian-clang, r-devel-linux-x86_64-debian-gcc, r-devel-linux-x86_64-fedora-clang, r-devel-linux-x86_64-fedora-gcc, r-devel-windows-x86_64, r-devel-windows-x86_64-gcc10-UCRT, r-patched-linux-x86_64, r-patched-solaris-x86, r-release-linux-x86_64, r-release-macos-arm64, r-release-macos-x86_64, r-release-windows-ix86+x86_64

Version: 0.3.0
Check: re-building of vignette outputs
Result: WARN
    Error(s) in re-building vignettes:
    --- re-building ‘convert.Rmd’ using rmarkdown
    Warning in engine$weave(file, quiet = quiet, encoding = enc) :
     Pandoc (>= 1.12.3) not available. Falling back to R Markdown v1.
    --- finished re-building ‘convert.Rmd’
    
    --- re-building ‘hablar.Rmd’ using rmarkdown
    Warning in engine$weave(file, quiet = quiet, encoding = enc) :
     Pandoc (>= 1.12.3) not available. Falling back to R Markdown v1.
    --- finished re-building ‘hablar.Rmd’
    
    --- re-building ‘retype.Rmd’ using rmarkdown
    Warning in engine$weave(file, quiet = quiet, encoding = enc) :
     Pandoc (>= 1.12.3) not available. Falling back to R Markdown v1.
    Quitting from lines 95-107 (retype.Rmd)
    Error: processing vignette 'retype.Rmd' failed with diagnostics:
    invalid 'path' argument
    --- failed re-building ‘retype.Rmd’
    
    --- re-building ‘s.Rmd’ using rmarkdown
    Warning in engine$weave(file, quiet = quiet, encoding = enc) :
     Pandoc (>= 1.12.3) not available. Falling back to R Markdown v1.
    Warning in max(sold_sodas, na.rm = T) :
     no non-missing arguments to max; returning -Inf
    Warning in max(x) : no non-missing arguments to max; returning -Inf
    Warning in max(height[species == "Human"]) :
     no non-missing arguments to max; returning -Inf
    Warning in max(height[species == "Human"]) :
     no non-missing arguments to max; returning -Inf
    Warning in max(height[species == "Human"]) :
     no non-missing arguments to max; returning -Inf
    Warning in max(height[species == "Human"]) :
     no non-missing arguments to max; returning -Inf
    Warning in max(height[species == "Human"]) :
     no non-missing arguments to max; returning -Inf
    Warning in max(height[species == "Human"]) :
     no non-missing arguments to max; returning -Inf
    Warning in max(height[species == "Human"]) :
     no non-missing arguments to max; returning -Inf
    Warning in max(height[species == "Human"]) :
     no non-missing arguments to max; returning -Inf
    Warning in max(height[species == "Human"]) :
     no non-missing arguments to max; returning -Inf
    Warning in max(height[species == "Human"]) :
     no non-missing arguments to max; returning -Inf
    Warning in max(height[species == "Human"]) :
     no non-missing arguments to max; returning -Inf
    Warning in max(height[species == "Human"]) :
     no non-missing arguments to max; returning -Inf
    Warning in max(height[species == "Human"]) :
     no non-missing arguments to max; returning -Inf
    Warning in max(height[species == "Human"]) :
     no non-missing arguments to max; returning -Inf
    Warning in max(height[species == "Human"]) :
     no non-missing arguments to max; returning -Inf
    Warning in max(height[species == "Human"]) :
     no non-missing arguments to max; returning -Inf
    Warning in max(height[species == "Human"]) :
     no non-missing arguments to max; returning -Inf
    Warning in max(height[species == "Human"]) :
     no non-missing arguments to max; returning -Inf
    Warning in max(height[species == "Human"]) :
     no non-missing arguments to max; returning -Inf
    Warning in max(height[species == "Human"]) :
     no non-missing arguments to max; returning -Inf
    Warning in max(height[species == "Human"]) :
     no non-missing arguments to max; returning -Inf
    Warning in max(height[species == "Human"]) :
     no non-missing arguments to max; returning -Inf
    Warning in max(height[species == "Human"]) :
     no non-missing arguments to max; returning -Inf
    Warning in max(height[species == "Human"]) :
     no non-missing arguments to max; returning -Inf
    Warning in max(height[species == "Human"]) :
     no non-missing arguments to max; returning -Inf
    Warning in max(height[species == "Human"]) :
     no non-missing arguments to max; returning -Inf
    Warning in max(height[species == "Human"]) :
     no non-missing arguments to max; returning -Inf
    Warning in max(height[species == "Human"]) :
     no non-missing arguments to max; returning -Inf
    Warning in max(height[species == "Human"]) :
     no non-missing arguments to max; returning -Inf
    Warning in max(height[species == "Human"]) :
     no non-missing arguments to max; returning -Inf
    Warning in max(height[species == "Human"]) :
     no non-missing arguments to max; returning -Inf
    Warning in max(height[species == "Human"]) :
     no non-missing arguments to max; returning -Inf
    --- finished re-building ‘s.Rmd’
    
    SUMMARY: processing the following file failed:
     ‘retype.Rmd’
    
    Error: Vignette re-building failed.
    Execution halted
Flavor: r-release-macos-x86_64

Version: 0.3.0
Check: re-building of vignette outputs
Result: WARN
    Error(s) in re-building vignettes:
    --- re-building ‘convert.Rmd’ using rmarkdown
    Warning in engine$weave(file, quiet = quiet, encoding = enc) :
     Pandoc (>= 1.12.3) and/or pandoc-citeproc not available. Falling back to R Markdown v1.
    --- finished re-building ‘convert.Rmd’
    
    --- re-building ‘hablar.Rmd’ using rmarkdown
    Warning in engine$weave(file, quiet = quiet, encoding = enc) :
     Pandoc (>= 1.12.3) and/or pandoc-citeproc not available. Falling back to R Markdown v1.
    --- finished re-building ‘hablar.Rmd’
    
    --- re-building ‘retype.Rmd’ using rmarkdown
    Warning in engine$weave(file, quiet = quiet, encoding = enc) :
     Pandoc (>= 1.12.3) and/or pandoc-citeproc not available. Falling back to R Markdown v1.
    Quitting from lines 95-107 (retype.Rmd)
    Error: processing vignette 'retype.Rmd' failed with diagnostics:
    cannot open the connection
    --- failed re-building ‘retype.Rmd’
    
    --- re-building ‘s.Rmd’ using rmarkdown
    Warning in engine$weave(file, quiet = quiet, encoding = enc) :
     Pandoc (>= 1.12.3) and/or pandoc-citeproc not available. Falling back to R Markdown v1.
    Warning in max(sold_sodas, na.rm = T) :
     no non-missing arguments to max; returning -Inf
    Warning in max(x) : no non-missing arguments to max; returning -Inf
    Warning in max(height[species == "Human"]) :
     no non-missing arguments to max; returning -Inf
    Warning in max(height[species == "Human"]) :
     no non-missing arguments to max; returning -Inf
    Warning in max(height[species == "Human"]) :
     no non-missing arguments to max; returning -Inf
    Warning in max(height[species == "Human"]) :
     no non-missing arguments to max; returning -Inf
    Warning in max(height[species == "Human"]) :
     no non-missing arguments to max; returning -Inf
    Warning in max(height[species == "Human"]) :
     no non-missing arguments to max; returning -Inf
    Warning in max(height[species == "Human"]) :
     no non-missing arguments to max; returning -Inf
    Warning in max(height[species == "Human"]) :
     no non-missing arguments to max; returning -Inf
    Warning in max(height[species == "Human"]) :
     no non-missing arguments to max; returning -Inf
    Warning in max(height[species == "Human"]) :
     no non-missing arguments to max; returning -Inf
    Warning in max(height[species == "Human"]) :
     no non-missing arguments to max; returning -Inf
    Warning in max(height[species == "Human"]) :
     no non-missing arguments to max; returning -Inf
    Warning in max(height[species == "Human"]) :
     no non-missing arguments to max; returning -Inf
    Warning in max(height[species == "Human"]) :
     no non-missing arguments to max; returning -Inf
    Warning in max(height[species == "Human"]) :
     no non-missing arguments to max; returning -Inf
    Warning in max(height[species == "Human"]) :
     no non-missing arguments to max; returning -Inf
    Warning in max(height[species == "Human"]) :
     no non-missing arguments to max; returning -Inf
    Warning in max(height[species == "Human"]) :
     no non-missing arguments to max; returning -Inf
    Warning in max(height[species == "Human"]) :
     no non-missing arguments to max; returning -Inf
    Warning in max(height[species == "Human"]) :
     no non-missing arguments to max; returning -Inf
    Warning in max(height[species == "Human"]) :
     no non-missing arguments to max; returning -Inf
    Warning in max(height[species == "Human"]) :
     no non-missing arguments to max; returning -Inf
    Warning in max(height[species == "Human"]) :
     no non-missing arguments to max; returning -Inf
    Warning in max(height[species == "Human"]) :
     no non-missing arguments to max; returning -Inf
    Warning in max(height[species == "Human"]) :
     no non-missing arguments to max; returning -Inf
    Warning in max(height[species == "Human"]) :
     no non-missing arguments to max; returning -Inf
    Warning in max(height[species == "Human"]) :
     no non-missing arguments to max; returning -Inf
    Warning in max(height[species == "Human"]) :
     no non-missing arguments to max; returning -Inf
    Warning in max(height[species == "Human"]) :
     no non-missing arguments to max; returning -Inf
    Warning in max(height[species == "Human"]) :
     no non-missing arguments to max; returning -Inf
    Warning in max(height[species == "Human"]) :
     no non-missing arguments to max; returning -Inf
    Warning in max(height[species == "Human"]) :
     no non-missing arguments to max; returning -Inf
    --- finished re-building ‘s.Rmd’
    
    SUMMARY: processing the following file failed:
     ‘retype.Rmd’
    
    Error: Vignette re-building failed.
    Execution halted
Flavor: r-oldrel-macos-x86_64