Last updated on 2024-03-28 10:49:36 CET.
Flavor | Version | Tinstall | Tcheck | Ttotal | Status | Flags |
---|---|---|---|---|---|---|
r-devel-linux-x86_64-debian-clang | 3.44.0.3 | 39.95 | 215.61 | 255.56 | OK | |
r-devel-linux-x86_64-debian-gcc | 3.44.0.3 | 27.80 | 150.57 | 178.37 | OK | |
r-devel-linux-x86_64-fedora-clang | 3.44.0.3 | 322.43 | NOTE | |||
r-devel-linux-x86_64-fedora-gcc | 3.44.0.3 | 318.64 | OK | |||
r-devel-windows-x86_64 | 3.44.0.3 | 57.00 | 234.00 | 291.00 | NOTE | |
r-patched-linux-x86_64 | 3.44.0.3 | 43.93 | 207.14 | 251.07 | OK | |
r-release-linux-x86_64 | 3.44.0.3 | 38.39 | 205.71 | 244.10 | OK | |
r-release-macos-arm64 | 3.44.0.3 | 120.00 | NOTE | |||
r-release-macos-x86_64 | 3.44.0.3 | 244.00 | NOTE | |||
r-release-windows-x86_64 | 3.44.0.3 | 163.00 | 288.00 | 451.00 | NOTE | |
r-oldrel-macos-arm64 | 3.44.0.3 | 122.00 | NOTE | |||
r-oldrel-windows-x86_64 | 3.44.0.3 | 204.00 | 209.00 | 413.00 | NOTE |
Version: 3.44.0.3
Check: installed package size
Result: NOTE
installed size is 267.8Mb
sub-directories of 1Mb or more:
R 1.5Mb
help 1.0Mb
java 264.7Mb
Flavors: r-devel-linux-x86_64-fedora-clang, r-devel-windows-x86_64, r-release-macos-arm64, r-release-macos-x86_64, r-release-windows-x86_64, r-oldrel-macos-arm64, r-oldrel-windows-x86_64