CRAN Package Check Results for Package gwsem

Last updated on 2021-09-17 09:53:25 CEST.

Flavor Version Tinstall Tcheck Ttotal Status Flags
r-devel-linux-x86_64-debian-clang 2.1.1 139.32 404.64 543.96 ERROR
r-devel-linux-x86_64-debian-gcc 2.1.2 95.08 326.52 421.60 OK
r-devel-linux-x86_64-fedora-clang 2.1.2 604.11 NOTE
r-devel-linux-x86_64-fedora-gcc 2.1.2 598.79 OK
r-devel-windows-x86_64 2.1.1 125.00 137.00 262.00 OK
r-devel-windows-x86_64-gcc10-UCRT 2.1.1 OK
r-patched-linux-x86_64 2.1.2 108.29 373.16 481.45 OK
r-patched-solaris-x86 2.1.2 266.60 OK
r-release-linux-x86_64 2.1.2 109.54 389.30 498.84 OK
r-release-macos-arm64 2.1.1 NOTE
r-release-macos-x86_64 2.1.2 NOTE
r-release-windows-ix86+x86_64 2.1.1 295.00 132.00 427.00 NOTE
r-oldrel-macos-x86_64 2.1.2 NOTE
r-oldrel-windows-ix86+x86_64 2.1.1 223.00 154.00 377.00 NOTE

Check Details

Version: 2.1.1
Check: tests
Result: ERROR
     Running 'testthat.R' [307s/136s]
    Running the tests in 'tests/testthat.R' failed.
    Complete output:
     > library(testthat)
     > library(gwsem)
     Loading required package: OpenMx
    
     Attaching package: 'gwsem'
    
     The following object is masked from 'package:base':
    
     signif
    
     >
     > test_check("gwsem")
     == Failed tests ================================================================
     -- Failure (test-model.R:103:1): (code run outside of `test_that()`) -----------
     pgen$P[rx] not equal to 0.176.
     1/1 mismatches
     [1] 0.086 - 0.176 == -0.09
    
     [ FAIL 1 | WARN 7 | SKIP 0 | PASS 190 ]
     Error: Test failures
     Execution halted
Flavor: r-devel-linux-x86_64-debian-clang

Version: 2.1.2
Check: installed package size
Result: NOTE
     installed size is 10.9Mb
     sub-directories of 1Mb or more:
     libs 9.6Mb
Flavors: r-devel-linux-x86_64-fedora-clang, r-release-macos-x86_64, r-oldrel-macos-x86_64

Version: 2.1.1
Check: installed package size
Result: NOTE
     installed size is 11.5Mb
     sub-directories of 1Mb or more:
     libs 10.2Mb
Flavors: r-release-macos-arm64, r-release-windows-ix86+x86_64, r-oldrel-windows-ix86+x86_64