CRAN Package Check Results for Package gvcR

Last updated on 2021-10-23 10:56:54 CEST.

Flavor Version Tinstall Tcheck Ttotal Status Flags
r-devel-linux-x86_64-debian-clang 0.1.0 15.16 114.91 130.07 NOTE
r-devel-linux-x86_64-debian-gcc 0.1.0 12.37 86.24 98.61 NOTE
r-devel-linux-x86_64-fedora-clang 0.1.0 163.51 NOTE
r-devel-linux-x86_64-fedora-gcc 0.1.0 150.53 NOTE
r-devel-windows-x86_64 0.1.0 24.00 143.00 167.00 NOTE
r-devel-windows-x86_64-gcc10-UCRT 0.1.0 NOTE
r-patched-linux-x86_64 0.1.0 15.96 108.83 124.79 NOTE
r-patched-solaris-x86 0.1.0 219.80 NOTE
r-release-linux-x86_64 0.1.0 13.53 108.31 121.84 NOTE
r-release-macos-arm64 0.1.0 NOTE
r-release-macos-x86_64 0.1.0 NOTE
r-release-windows-ix86+x86_64 0.1.0 25.00 102.00 127.00 NOTE
r-oldrel-macos-x86_64 0.1.0 OK
r-oldrel-windows-ix86+x86_64 0.1.0 40.00 138.00 178.00 OK

Check Details

Version: 0.1.0
Check: LazyData
Result: NOTE
     'LazyData' is specified without a 'data' directory
Flavors: r-devel-linux-x86_64-debian-clang, r-devel-linux-x86_64-debian-gcc, r-devel-linux-x86_64-fedora-clang, r-devel-linux-x86_64-fedora-gcc, r-devel-windows-x86_64, r-devel-windows-x86_64-gcc10-UCRT, r-patched-linux-x86_64, r-patched-solaris-x86, r-release-linux-x86_64, r-release-macos-arm64, r-release-macos-x86_64, r-release-windows-ix86+x86_64