CRAN Package Check Results for Package gtools

Last updated on 2021-09-19 09:50:17 CEST.

Flavor Version Tinstall Tcheck Ttotal Status Flags
r-devel-linux-x86_64-debian-clang 3.9.2 4.68 131.42 136.10 NOTE
r-devel-linux-x86_64-debian-gcc 3.9.2 2.99 95.09 98.08 NOTE
r-devel-linux-x86_64-fedora-clang 3.9.2 166.08 NOTE
r-devel-linux-x86_64-fedora-gcc 3.9.2 156.77 NOTE
r-devel-windows-x86_64 3.9.2 9.00 263.00 272.00 NOTE
r-devel-windows-x86_64-gcc10-UCRT 3.9.2 ERROR
r-patched-linux-x86_64 3.9.2 5.32 44.28 49.60 NOTE
r-patched-solaris-x86 3.9.2 88.50 NOTE
r-release-linux-x86_64 3.9.2 4.26 44.67 48.93 NOTE
r-release-macos-arm64 3.9.2 NOTE
r-release-macos-x86_64 3.9.2 NOTE
r-release-windows-ix86+x86_64 3.9.2 14.00 66.00 80.00 NOTE
r-oldrel-macos-x86_64 3.9.2 NOTE
r-oldrel-windows-ix86+x86_64 3.9.2 15.00 65.00 80.00 NOTE

Check Details

Version: 3.9.2
Check: R code for possible problems
Result: NOTE
    Found the following possibly unsafe calls:
    File 'gtools/R/unByteCode.R':
     unlockBinding(name, env = env)
Flavors: r-devel-linux-x86_64-debian-clang, r-devel-linux-x86_64-debian-gcc, r-devel-linux-x86_64-fedora-clang, r-devel-linux-x86_64-fedora-gcc, r-devel-windows-x86_64, r-patched-linux-x86_64, r-patched-solaris-x86, r-release-linux-x86_64, r-release-macos-arm64, r-release-macos-x86_64, r-release-windows-ix86+x86_64, r-oldrel-macos-x86_64, r-oldrel-windows-ix86+x86_64

Version: 3.9.2
Check: package dependencies
Result: NOTE
    Package suggested but not available for checking: 'taxize'
Flavor: r-devel-windows-x86_64-gcc10-UCRT

Version: 3.9.2
Check: whether package can be installed
Result: ERROR
    Installation failed.
Flavor: r-devel-windows-x86_64-gcc10-UCRT