CRAN Package Check Results for Package gtfsrouter

Last updated on 2021-09-21 09:52:41 CEST.

Flavor Version Tinstall Tcheck Ttotal Status Flags
r-devel-linux-x86_64-debian-clang 0.0.5 64.14 110.16 174.30 OK
r-devel-linux-x86_64-debian-gcc 0.0.5 40.45 73.26 113.71 OK
r-devel-linux-x86_64-fedora-clang 0.0.5 211.97 NOTE
r-devel-linux-x86_64-fedora-gcc 0.0.5 175.68 OK
r-devel-windows-x86_64 0.0.5 59.00 88.00 147.00 OK
r-devel-windows-x86_64-gcc10-UCRT 0.0.5 ERROR
r-patched-linux-x86_64 0.0.5 49.09 86.40 135.49 OK
r-patched-solaris-x86 0.0.5 193.20 OK
r-release-linux-x86_64 0.0.5 51.57 85.60 137.17 OK
r-release-macos-arm64 0.0.5 NOTE
r-release-macos-x86_64 0.0.5 NOTE
r-release-windows-ix86+x86_64 0.0.5 140.00 122.00 262.00 NOTE
r-oldrel-macos-x86_64 0.0.5 NOTE
r-oldrel-windows-ix86+x86_64 0.0.5 139.00 122.00 261.00 NOTE

Check Details

Version: 0.0.5
Check: installed package size
Result: NOTE
     installed size is 6.4Mb
     sub-directories of 1Mb or more:
     doc 2.9Mb
     libs 2.8Mb
Flavors: r-devel-linux-x86_64-fedora-clang, r-release-macos-arm64, r-release-macos-x86_64, r-release-windows-ix86+x86_64, r-oldrel-macos-x86_64, r-oldrel-windows-ix86+x86_64

Version: 0.0.5
Check: whether package can be installed
Result: ERROR
    Installation failed.
Flavor: r-devel-windows-x86_64-gcc10-UCRT