Last updated on 2025-11-24 09:50:34 CET.
| Flavor | Version | Tinstall | Tcheck | Ttotal | Status | Flags |
|---|---|---|---|---|---|---|
| r-devel-linux-x86_64-debian-clang | 0.6 | 6.40 | 107.08 | 113.48 | NOTE | |
| r-devel-linux-x86_64-debian-gcc | 0.6 | 4.34 | 71.33 | 75.67 | NOTE | |
| r-devel-linux-x86_64-fedora-clang | 0.6 | 15.00 | 164.15 | 179.15 | NOTE | |
| r-devel-linux-x86_64-fedora-gcc | 0.6 | 12.00 | 174.64 | 186.64 | NOTE | |
| r-devel-windows-x86_64 | 0.6 | 13.00 | 118.00 | 131.00 | OK | |
| r-patched-linux-x86_64 | 0.6 | 6.42 | 97.76 | 104.18 | OK | |
| r-release-linux-x86_64 | 0.6 | 5.79 | 98.59 | 104.38 | OK | |
| r-release-macos-arm64 | 0.6 | OK | ||||
| r-release-macos-x86_64 | 0.6 | 5.00 | 84.00 | 89.00 | OK | |
| r-release-windows-x86_64 | 0.6 | 10.00 | 114.00 | 124.00 | OK | |
| r-oldrel-macos-arm64 | 0.6 | OK | ||||
| r-oldrel-macos-x86_64 | 0.6 | 4.00 | 92.00 | 96.00 | OK | |
| r-oldrel-windows-x86_64 | 0.6 | 11.00 | 143.00 | 154.00 | OK |
Version: 0.6
Check: CRAN incoming feasibility
Result: NOTE
Maintainer: ‘Mark Heckmann <heckmann.mark@gmail.com>’
Package CITATION file contains call(s) to old-style citEntry(). Please
use bibentry() instead.
Flavors: r-devel-linux-x86_64-debian-clang, r-devel-linux-x86_64-debian-gcc
Version: 0.6
Check: dependencies in R code
Result: NOTE
Namespace in Imports field not imported from: ‘BiasedUrn’
All declared Imports should be used.
Flavors: r-devel-linux-x86_64-fedora-clang, r-devel-linux-x86_64-fedora-gcc