CRAN Package Check Results for Package gridpattern

Last updated on 2021-10-20 09:55:10 CEST.

Flavor Version Tinstall Tcheck Ttotal Status Flags
r-devel-linux-x86_64-debian-clang 0.2.1 7.66 83.52 91.18 OK
r-devel-linux-x86_64-debian-gcc 0.2.1 5.34 61.87 67.21 OK
r-devel-linux-x86_64-fedora-clang 0.2.1 118.96 OK
r-devel-linux-x86_64-fedora-gcc 0.2.1 107.84 OK
r-devel-windows-x86_64 0.2.1 11.00 111.00 122.00 OK
r-devel-windows-x86_64-gcc10-UCRT 0.2.1 OK
r-patched-linux-x86_64 0.2.1 6.80 76.53 83.33 OK
r-patched-solaris-x86 0.2.1 124.60 OK
r-release-linux-x86_64 0.2.1 7.34 77.56 84.90 OK
r-release-macos-arm64 0.2.1 OK
r-release-macos-x86_64 0.2.1 OK
r-release-windows-ix86+x86_64 0.2.1 9.00 104.00 113.00 OK
r-oldrel-macos-x86_64 0.2.1 NOTE
r-oldrel-windows-ix86+x86_64 0.2.1 12.00 115.00 127.00 NOTE

Check Details

Version: 0.2.1
Check: R code for possible problems
Result: NOTE
    create_gradient_as_geometry: no visible global function definition for
     ‘linearGradient’
    create_gradient_as_geometry: no visible global function definition for
     ‘radialGradient’
    Undefined global functions or variables:
     linearGradient radialGradient
Flavors: r-oldrel-macos-x86_64, r-oldrel-windows-ix86+x86_64