CRAN Package Check Results for Package greybox

Last updated on 2021-10-28 10:51:37 CEST.

Flavor Version Tinstall Tcheck Ttotal Status Flags
r-devel-linux-x86_64-debian-clang 1.0.1 56.00 131.80 187.80 OK
r-devel-linux-x86_64-debian-gcc 1.0.1 43.71 112.87 156.58 OK
r-devel-linux-x86_64-fedora-clang 1.0.1 249.18 OK
r-devel-linux-x86_64-fedora-gcc 1.0.1 231.27 OK
r-devel-windows-x86_64 1.0.1 84.00 192.00 276.00 NOTE
r-devel-windows-x86_64-gcc10-UCRT 1.0.1 NOTE
r-patched-linux-x86_64 1.0.1 51.21 130.97 182.18 OK
r-patched-solaris-x86 1.0.1 224.60 OK
r-release-linux-x86_64 1.0.1 49.82 131.34 181.16 OK
r-release-macos-arm64 1.0.1 NOTE
r-release-macos-x86_64 1.0.1 OK
r-release-windows-ix86+x86_64 1.0.1 74.00 189.00 263.00 NOTE
r-oldrel-macos-x86_64 1.0.1 OK
r-oldrel-windows-ix86+x86_64 1.0.1 72.00 195.00 267.00 NOTE

Check Details

Version: 1.0.1
Check: package dependencies
Result: NOTE
    Package suggested but not available for checking: 'doMC'
Flavors: r-devel-windows-x86_64, r-devel-windows-x86_64-gcc10-UCRT, r-release-windows-ix86+x86_64, r-oldrel-windows-ix86+x86_64

Version: 1.0.1
Check: installed package size
Result: NOTE
     installed size is 5.6Mb
     sub-directories of 1Mb or more:
     R 2.0Mb
     doc 2.5Mb
Flavors: r-release-macos-arm64, r-release-windows-ix86+x86_64, r-oldrel-windows-ix86+x86_64