CRAN Package Check Results for Package gren

Last updated on 2021-10-25 09:55:22 CEST.

Flavor Version Tinstall Tcheck Ttotal Status Flags
r-devel-linux-x86_64-debian-clang 0.0.1 40.87 71.46 112.33 OK
r-devel-linux-x86_64-debian-gcc 0.0.1 35.45 55.63 91.08 OK
r-devel-linux-x86_64-fedora-clang 0.0.1 167.39 OK
r-devel-linux-x86_64-fedora-gcc 0.0.1 147.74 OK
r-devel-windows-x86_64 0.0.1 63.00 117.00 180.00 OK
r-devel-windows-x86_64-gcc10-UCRT 0.0.1 OK
r-patched-linux-x86_64 0.0.1 45.80 70.25 116.05 OK
r-patched-solaris-x86 0.0.1 185.60 OK
r-release-linux-x86_64 0.0.1 40.37 71.24 111.61 OK
r-release-macos-arm64 0.0.1 NOTE
r-release-macos-x86_64 0.0.1 OK
r-release-windows-ix86+x86_64 0.0.1 80.00 133.00 213.00 OK
r-oldrel-macos-x86_64 0.0.1 OK
r-oldrel-windows-ix86+x86_64 0.0.1 110.00 134.00 244.00 OK

Check Details

Version: 0.0.1
Check: installed package size
Result: NOTE
     installed size is 5.2Mb
     sub-directories of 1Mb or more:
     libs 4.5Mb
Flavor: r-release-macos-arm64