Last updated on 2024-04-18 10:49:50 CEST.
Flavor | Version | Tinstall | Tcheck | Ttotal | Status | Flags |
---|---|---|---|---|---|---|
r-devel-linux-x86_64-debian-clang | 1.1.1 | 101.42 | 87.95 | 189.37 | OK | |
r-devel-linux-x86_64-debian-gcc | 1.1.1 | 78.04 | 65.40 | 143.44 | OK | |
r-devel-linux-x86_64-fedora-clang | 1.1.1 | 287.01 | NOTE | |||
r-devel-linux-x86_64-fedora-gcc | 1.1.1 | 279.30 | NOTE | |||
r-prerel-macos-arm64 | 1.1.1 | 55.00 | ERROR | |||
r-prerel-macos-x86_64 | 1.1.1 | 121.00 | NOTE | |||
r-prerel-windows-x86_64 | 1.1.1 | 74.00 | 125.00 | 199.00 | NOTE | |
r-patched-linux-x86_64 | 1.1.1 | 97.99 | 84.78 | 182.77 | OK | |
r-release-linux-x86_64 | 1.1.1 | 95.73 | 82.46 | 178.19 | OK | |
r-release-macos-arm64 | 1.1.1 | 66.00 | NOTE | |||
r-release-macos-x86_64 | 1.1.1 | 107.00 | NOTE | |||
r-release-windows-x86_64 | 1.1.1 | 93.00 | 155.00 | 248.00 | NOTE | |
r-oldrel-macos-arm64 | 1.1.1 | 62.00 | NOTE | |||
r-oldrel-windows-x86_64 | 1.1.1 | 88.00 | 138.00 | 226.00 | NOTE |
Version: 1.1.1
Check: data for non-ASCII characters
Result: NOTE
Note: found 22 marked UTF-8 strings
Flavors: r-devel-linux-x86_64-fedora-clang, r-devel-linux-x86_64-fedora-gcc
Version: 1.1.1
Check: installed package size
Result: NOTE
installed size is 7.4Mb
sub-directories of 1Mb or more:
doc 1.9Mb
help 2.0Mb
libs 3.2Mb
Flavors: r-prerel-macos-arm64, r-prerel-macos-x86_64, r-prerel-windows-x86_64, r-release-macos-arm64, r-release-macos-x86_64, r-release-windows-x86_64, r-oldrel-macos-arm64, r-oldrel-windows-x86_64
Version: 1.1.1
Check: examples
Result: ERROR
Running examples in ‘graphlayouts-Ex.R’ failed
The error most likely occurred in:
> ### Name: annotate_circle
> ### Title: annotate concentric circles
> ### Aliases: annotate_circle
>
> ### ** Examples
>
> library(igraph)
Attaching package: ‘igraph’
The following objects are masked from ‘package:stats’:
decompose, spectrum
The following object is masked from ‘package:base’:
union
> library(ggraph)
Loading required package: ggplot2
Error: package or namespace load failed for ‘ggraph’ in loadNamespace(j <- i[[1L]], c(lib.loc, .libPaths()), versionCheck = vI[[j]]):
there is no package called ‘tweenr’
Execution halted
Flavor: r-prerel-macos-arm64