CRAN Package Check Results for Package graphkernels

Last updated on 2021-10-25 09:55:21 CEST.

Flavor Version Tinstall Tcheck Ttotal Status Flags
r-devel-linux-x86_64-debian-clang 1.6 45.31 65.67 110.98 OK
r-devel-linux-x86_64-debian-gcc 1.6 38.32 52.96 91.28 OK
r-devel-linux-x86_64-fedora-clang 1.6 163.60 NOTE
r-devel-linux-x86_64-fedora-gcc 1.6 152.36 OK
r-devel-windows-x86_64 1.6 57.00 116.00 173.00 OK
r-devel-windows-x86_64-gcc10-UCRT 1.6 OK
r-patched-linux-x86_64 1.6 46.67 65.93 112.60 OK
r-patched-solaris-x86 1.6 163.70 OK
r-release-linux-x86_64 1.6 42.58 65.16 107.74 OK
r-release-macos-arm64 1.6 NOTE
r-release-macos-x86_64 1.6 NOTE
r-release-windows-ix86+x86_64 1.6 80.00 146.00 226.00 OK
r-oldrel-macos-x86_64 1.6 NOTE
r-oldrel-windows-ix86+x86_64 1.6 110.00 163.00 273.00 OK

Check Details

Version: 1.6
Check: installed package size
Result: NOTE
     installed size is 9.9Mb
     sub-directories of 1Mb or more:
     libs 9.7Mb
Flavors: r-devel-linux-x86_64-fedora-clang, r-release-macos-arm64, r-release-macos-x86_64, r-oldrel-macos-x86_64