CRAN Package Check Results for Package gquad

Last updated on 2021-10-16 09:54:18 CEST.

Flavor Version Tinstall Tcheck Ttotal Status Flags
r-devel-linux-x86_64-debian-clang 2.1-1 6.18 38.60 44.78 NOTE
r-devel-linux-x86_64-debian-gcc 2.1-1 4.31 29.43 33.74 NOTE
r-devel-linux-x86_64-fedora-clang 2.1-1 62.91 NOTE
r-devel-linux-x86_64-fedora-gcc 2.1-1 51.83 NOTE
r-devel-windows-x86_64 2.1-1 8.00 44.00 52.00 NOTE
r-devel-windows-x86_64-gcc10-UCRT 2.1-1 NOTE
r-patched-linux-x86_64 2.1-1 5.14 37.19 42.33 NOTE
r-patched-solaris-x86 2.1-1 78.10 NOTE
r-release-linux-x86_64 2.1-1 5.12 37.23 42.35 NOTE
r-release-macos-arm64 2.1-1 NOTE
r-release-macos-x86_64 2.1-1 NOTE
r-release-windows-ix86+x86_64 2.1-1 12.00 64.00 76.00 NOTE
r-oldrel-macos-x86_64 2.1-1 OK
r-oldrel-windows-ix86+x86_64 2.1-1 12.00 64.00 76.00 OK

Check Details

Version: 2.1-1
Check: LazyData
Result: NOTE
     'LazyData' is specified without a 'data' directory
Flavors: r-devel-linux-x86_64-debian-clang, r-devel-linux-x86_64-debian-gcc, r-devel-linux-x86_64-fedora-clang, r-devel-linux-x86_64-fedora-gcc, r-devel-windows-x86_64, r-devel-windows-x86_64-gcc10-UCRT, r-patched-linux-x86_64, r-patched-solaris-x86, r-release-linux-x86_64, r-release-macos-arm64, r-release-macos-x86_64, r-release-windows-ix86+x86_64