CRAN Package Check Results for Package gplots

Last updated on 2021-09-23 10:53:26 CEST.

Flavor Version Tinstall Tcheck Ttotal Status Flags
r-devel-linux-x86_64-debian-clang 3.1.1 7.71 79.62 87.33 OK
r-devel-linux-x86_64-debian-gcc 3.1.1 6.61 61.07 67.68 OK
r-devel-linux-x86_64-fedora-clang 3.1.1 112.83 NOTE
r-devel-linux-x86_64-fedora-gcc 3.1.1 102.29 OK
r-devel-windows-x86_64 3.1.1 11.00 81.00 92.00 OK
r-devel-windows-x86_64-gcc10-UCRT 3.1.1 ERROR
r-patched-linux-x86_64 3.1.1 8.75 76.83 85.58 OK
r-patched-solaris-x86 3.1.1 132.30 OK
r-release-linux-x86_64 3.1.1 6.66 76.56 83.22 OK
r-release-macos-arm64 3.1.1 OK
r-release-macos-x86_64 3.1.1 OK
r-release-windows-ix86+x86_64 3.1.1 13.00 78.00 91.00 OK
r-oldrel-macos-x86_64 3.1.1 OK
r-oldrel-windows-ix86+x86_64 3.1.1 33.00 78.00 111.00 OK

Check Details

Version: 3.1.1
Check: Rd cross-references
Result: NOTE
    Undeclared package ‘r2d2’ in Rd xrefs
Flavor: r-devel-linux-x86_64-fedora-clang

Version: 3.1.1
Check: PDF version of manual
Result: WARN
    LaTeX errors when creating PDF version.
    This typically indicates Rd problems.
Flavor: r-devel-windows-x86_64-gcc10-UCRT

Version: 3.1.1
Check: PDF version of manual without hyperrefs or index
Result: ERROR
    Re-running with no redirection of stdout/stderr.
Flavor: r-devel-windows-x86_64-gcc10-UCRT