CRAN Package Check Results for Package gpg

Last updated on 2022-01-16 10:48:33 CET.

Flavor Version Tinstall Tcheck Ttotal Status Flags
r-devel-linux-x86_64-debian-clang 1.2.6 4.54 36.64 41.18 OK
r-devel-linux-x86_64-debian-gcc 1.2.6 3.02 28.68 31.70 OK
r-devel-linux-x86_64-fedora-clang 1.2.6 53.28 OK
r-devel-linux-x86_64-fedora-gcc 1.2.6 40.14 OK
r-devel-windows-x86_64-new-UL 1.2.6 46.00 119.00 165.00 OK
r-devel-windows-x86_64-new-TK 1.2.6 OK
r-patched-linux-x86_64 1.2.6 3.68 34.94 38.62 OK
r-release-linux-x86_64 1.2.6 OK
r-release-macos-arm64 1.2.6 OK
r-release-macos-x86_64 1.2.6 OK
r-release-windows-ix86+x86_64 1.2.6 20.00 79.00 99.00 OK
r-oldrel-macos-x86_64 1.2.6 OK
r-oldrel-windows-ix86+x86_64 1.2.6 20.00 84.00 104.00 WARN

Check Details

Version: 1.2.6
Check: re-building of vignette outputs
Result: WARN
    Error(s) in re-building vignettes:
    --- re-building 'intro.Rmd' using rmarkdown
    Found GPG 2.0.30 (gpgme 1.11.1). Using keyring: C:\Users\CRAN\AppData\Roaming\gnupg
    Quitting from lines 116-117 (intro.Rmd)
    Error: processing vignette 'intro.Rmd' failed with diagnostics:
    Timeout was reached: [] Connection timed out after 10000 milliseconds
    --- failed re-building 'intro.Rmd'
    
    SUMMARY: processing the following file failed:
     'intro.Rmd'
    
    Error: Vignette re-building failed.
    Execution halted
Flavor: r-oldrel-windows-ix86+x86_64