CRAN Package Check Results for Package gpg

Last updated on 2021-09-25 09:53:52 CEST.

Flavor Version Tinstall Tcheck Ttotal Status Flags
r-devel-linux-x86_64-debian-clang 1.2.3 4.54 27.25 31.79 OK
r-devel-linux-x86_64-debian-gcc 1.2.3 3.31 22.12 25.43 OK
r-devel-linux-x86_64-fedora-clang 1.2.3 48.63 OK
r-devel-linux-x86_64-fedora-gcc 1.2.3 38.11 OK
r-devel-windows-x86_64 1.2.3 10.00 54.00 64.00 OK
r-devel-windows-x86_64-gcc10-UCRT 1.2.3 WARN
r-patched-linux-x86_64 1.2.3 4.34 26.39 30.73 OK
r-release-linux-x86_64 1.2.3 3.87 26.60 30.47 OK
r-release-macos-arm64 1.2.3 OK
r-release-macos-x86_64 1.2.3 OK
r-release-windows-ix86+x86_64 1.2.3 19.00 61.00 80.00 OK
r-oldrel-macos-x86_64 1.2.3 OK
r-oldrel-windows-ix86+x86_64 1.2.3 15.00 63.00 78.00 OK

Check Details

Version: 1.2.3
Check: whether package can be installed
Result: WARN
    Found the following significant warnings:
     WARNING: failed to apply patch patches/CRAN/gpg.diff
Flavor: r-devel-windows-x86_64-gcc10-UCRT