Last updated on 2024-04-23 10:54:04 CEST.
Flavor | Version | Tinstall | Tcheck | Ttotal | Status | Flags |
---|---|---|---|---|---|---|
r-devel-linux-x86_64-debian-clang | 0.10.1 | 2.48 | 23.92 | 26.40 | NOTE | |
r-devel-linux-x86_64-debian-gcc | 0.10.1 | 2.02 | 18.40 | 20.42 | NOTE | |
r-devel-linux-x86_64-fedora-clang | 0.10.1 | 33.79 | NOTE | |||
r-devel-linux-x86_64-fedora-gcc | 0.10.1 | 34.73 | NOTE | |||
r-prerel-macos-arm64 | 0.10.1 | 16.00 | NOTE | |||
r-prerel-windows-x86_64 | 0.10.1 | 3.00 | 39.00 | 42.00 | NOTE | |
r-patched-linux-x86_64 | 0.10.1 | 2.62 | 22.87 | 25.49 | NOTE | |
r-release-linux-x86_64 | 0.10.1 | 2.42 | 23.22 | 25.64 | NOTE | |
r-release-macos-arm64 | 0.10.1 | 16.00 | NOTE | |||
r-release-macos-x86_64 | 0.10.1 | 21.00 | NOTE | |||
r-release-windows-x86_64 | 0.10.1 | 5.00 | 40.00 | 45.00 | NOTE | |
r-oldrel-macos-arm64 | 0.10.1 | 17.00 | NOTE | |||
r-oldrel-windows-x86_64 | 0.10.1 | 4.00 | 44.00 | 48.00 | NOTE |
Version: 0.10.1
Check: LazyData
Result: NOTE
'LazyData' is specified without a 'data' directory
Flavors: r-devel-linux-x86_64-debian-clang, r-devel-linux-x86_64-debian-gcc, r-devel-linux-x86_64-fedora-clang, r-devel-linux-x86_64-fedora-gcc, r-prerel-macos-arm64, r-prerel-windows-x86_64, r-patched-linux-x86_64, r-release-linux-x86_64, r-release-macos-arm64, r-release-macos-x86_64, r-release-windows-x86_64, r-oldrel-macos-arm64, r-oldrel-windows-x86_64