CRAN Package Check Results for Package googledrive

Last updated on 2021-09-21 09:52:40 CEST.

Flavor Version Tinstall Tcheck Ttotal Status Flags
r-devel-linux-x86_64-debian-clang 2.0.0 7.35 72.13 79.48 OK
r-devel-linux-x86_64-debian-gcc 2.0.0 5.93 53.86 59.79 OK
r-devel-linux-x86_64-fedora-clang 2.0.0 102.99 OK
r-devel-linux-x86_64-fedora-gcc 2.0.0 89.37 OK
r-devel-windows-x86_64 2.0.0 10.00 79.00 89.00 OK
r-devel-windows-x86_64-gcc10-UCRT 2.0.0 ERROR
r-patched-linux-x86_64 2.0.0 9.89 66.97 76.86 OK
r-patched-solaris-x86 2.0.0 121.30 OK
r-release-linux-x86_64 2.0.0 7.65 67.24 74.89 OK
r-release-macos-arm64 2.0.0 OK
r-release-macos-x86_64 2.0.0 OK
r-release-windows-ix86+x86_64 2.0.0 18.00 78.00 96.00 OK
r-oldrel-macos-x86_64 2.0.0 OK
r-oldrel-windows-ix86+x86_64 2.0.0 17.00 79.00 96.00 OK

Check Details

Version: 2.0.0
Check: whether package can be installed
Result: WARN
    Found the following significant warnings:
     WARNING: installation-time patches will not be applied, could not get the patches index
Flavor: r-devel-windows-x86_64-gcc10-UCRT

Version: 2.0.0
Check: PDF version of manual
Result: WARN
    LaTeX errors when creating PDF version.
    This typically indicates Rd problems.
Flavor: r-devel-windows-x86_64-gcc10-UCRT

Version: 2.0.0
Check: PDF version of manual without hyperrefs or index
Result: ERROR
    Re-running with no redirection of stdout/stderr.
Flavor: r-devel-windows-x86_64-gcc10-UCRT