CRAN Package Check Results for Package googleLanguageR

Last updated on 2021-10-20 09:55:09 CEST.

Flavor Version Tinstall Tcheck Ttotal Status Flags
r-devel-linux-x86_64-debian-clang 0.3.0 4.90 47.40 52.30 NOTE
r-devel-linux-x86_64-debian-gcc 0.3.0 4.34 36.89 41.23 NOTE
r-devel-linux-x86_64-fedora-clang 0.3.0 77.71 NOTE
r-devel-linux-x86_64-fedora-gcc 0.3.0 62.03 NOTE
r-devel-windows-x86_64 0.3.0 10.00 80.00 90.00 NOTE
r-devel-windows-x86_64-gcc10-UCRT 0.3.0 NOTE
r-patched-linux-x86_64 0.3.0 8.48 47.76 56.24 NOTE
r-patched-solaris-x86 0.3.0 92.80 NOTE
r-release-linux-x86_64 0.3.0 5.03 47.68 52.71 NOTE
r-release-macos-arm64 0.3.0 NOTE
r-release-macos-x86_64 0.3.0 NOTE
r-release-windows-ix86+x86_64 0.3.0 9.00 72.00 81.00 NOTE
r-oldrel-macos-x86_64 0.3.0 OK
r-oldrel-windows-ix86+x86_64 0.3.0 13.00 77.00 90.00 OK

Check Details

Version: 0.3.0
Check: LazyData
Result: NOTE
     'LazyData' is specified without a 'data' directory
Flavors: r-devel-linux-x86_64-debian-clang, r-devel-linux-x86_64-debian-gcc, r-devel-linux-x86_64-fedora-clang, r-devel-linux-x86_64-fedora-gcc, r-devel-windows-x86_64, r-devel-windows-x86_64-gcc10-UCRT, r-patched-linux-x86_64, r-patched-solaris-x86, r-release-linux-x86_64, r-release-macos-arm64, r-release-macos-x86_64, r-release-windows-ix86+x86_64