CRAN Package Check Results for Package gmt

Last updated on 2021-09-21 09:52:40 CEST.

Flavor Version Tinstall Tcheck Ttotal Status Flags
r-devel-linux-x86_64-debian-clang 2.0.2 2.15 23.23 25.38 OK
r-devel-linux-x86_64-debian-gcc 2.0.2 1.64 18.76 20.40 OK
r-devel-linux-x86_64-fedora-clang 2.0.2 40.26 OK
r-devel-linux-x86_64-fedora-gcc 2.0.2 29.91 OK
r-devel-windows-x86_64 2.0.2 4.00 29.00 33.00 OK
r-devel-windows-x86_64-gcc10-UCRT 2.0.2 ERROR
r-patched-linux-x86_64 2.0.2 2.34 22.73 25.07 OK
r-patched-solaris-x86 2.0.2 45.10 OK
r-release-linux-x86_64 2.0.2 2.26 23.30 25.56 OK
r-release-macos-arm64 2.0.2 OK
r-release-macos-x86_64 2.0.2 OK
r-release-windows-ix86+x86_64 2.0.2 5.00 30.00 35.00 OK
r-oldrel-macos-x86_64 2.0.2 OK
r-oldrel-windows-ix86+x86_64 2.0.2 5.00 39.00 44.00 OK

Check Details

Version: 2.0.2
Check: whether package can be installed
Result: WARN
    Found the following significant warnings:
     WARNING: installation-time patches will not be applied, could not get the patches index
Flavor: r-devel-windows-x86_64-gcc10-UCRT

Version: 2.0.2
Check: PDF version of manual
Result: WARN
    LaTeX errors when creating PDF version.
    This typically indicates Rd problems.
Flavor: r-devel-windows-x86_64-gcc10-UCRT

Version: 2.0.2
Check: PDF version of manual without hyperrefs or index
Result: ERROR
    Re-running with no redirection of stdout/stderr.
Flavor: r-devel-windows-x86_64-gcc10-UCRT