CRAN Package Check Results for Package gmat

Last updated on 2021-10-21 09:54:52 CEST.

Flavor Version Tinstall Tcheck Ttotal Status Flags
r-devel-linux-x86_64-debian-clang 0.2.2 2.89 33.41 36.30 OK
r-devel-linux-x86_64-debian-gcc 0.2.2 2.53 26.20 28.73 OK
r-devel-linux-x86_64-fedora-clang 0.2.2 54.27 OK
r-devel-linux-x86_64-fedora-gcc 0.2.2 43.67 OK
r-devel-windows-x86_64 0.2.2 7.00 54.00 61.00 OK
r-devel-windows-x86_64-gcc10-UCRT 0.2.2 ERROR
r-patched-linux-x86_64 0.2.2 3.14 32.50 35.64 OK
r-patched-solaris-x86 0.2.2 68.70 OK
r-release-linux-x86_64 0.2.2 2.97 33.58 36.55 OK
r-release-macos-arm64 0.2.2 OK
r-release-macos-x86_64 0.2.2 OK
r-release-windows-ix86+x86_64 0.2.2 9.00 70.00 79.00 OK
r-oldrel-macos-x86_64 0.2.2 OK
r-oldrel-windows-ix86+x86_64 0.2.2 12.00 74.00 86.00 OK

Check Details

Version: 0.2.2
Check: package dependencies
Result: ERROR
    Packages required but not available: 'gRbase', 'igraph'
    
    See section 'The DESCRIPTION file' in the 'Writing R Extensions'
    manual.
Flavor: r-devel-windows-x86_64-gcc10-UCRT