CRAN Package Check Results for Package gluvarpro

Last updated on 2021-10-20 09:55:09 CEST.

Flavor Version Tinstall Tcheck Ttotal Status Flags
r-devel-linux-x86_64-debian-clang 4.0 9.13 79.13 88.26 OK
r-devel-linux-x86_64-debian-gcc 4.0 7.31 59.53 66.84 OK
r-devel-linux-x86_64-fedora-clang 4.0 120.07 OK
r-devel-linux-x86_64-fedora-gcc 4.0 103.24 OK
r-devel-windows-x86_64 4.0 16.00 102.00 118.00 OK
r-devel-windows-x86_64-gcc10-UCRT 4.0 OK
r-patched-linux-x86_64 4.0 9.07 75.98 85.05 OK
r-patched-solaris-x86 4.0 144.70 OK
r-release-linux-x86_64 4.0 6.90 77.09 83.99 OK
r-release-macos-arm64 4.0 OK
r-release-macos-x86_64 4.0 ERROR
r-release-windows-ix86+x86_64 4.0 33.00 102.00 135.00 OK
r-oldrel-macos-x86_64 4.0 ERROR
r-oldrel-windows-ix86+x86_64 4.0 21.00 102.00 123.00 OK

Check Details

Version: 4.0
Check: examples
Result: ERROR
    Running examples in ‘gluvarpro-Ex.R’ failed
    The error most likely occurred in:
    
    > ### Name: preprocessgvp
    > ### Title: preprocessing raw data from continuous glucose monitoring
    > ### Aliases: preprocessgvp
    >
    > ### ** Examples
    >
    > data("datagvp4")
    > preprocessgvp(datagvp4)
    Error in preprocessgvp(datagvp4) :
     Variable date and time must have yyyy/mm/dd and hh:mm:ss format.
    Execution halted
Flavors: r-release-macos-x86_64, r-oldrel-macos-x86_64