CRAN Package Check Results for Package glue

Last updated on 2021-09-19 09:50:16 CEST.

Flavor Version Tinstall Tcheck Ttotal Status Flags
r-devel-linux-x86_64-debian-clang 1.4.2 3.29 35.68 38.97 NOTE
r-devel-linux-x86_64-debian-gcc 1.4.2 2.17 28.38 30.55 NOTE
r-devel-linux-x86_64-fedora-clang 1.4.2 56.82 NOTE
r-devel-linux-x86_64-fedora-gcc 1.4.2 45.25 NOTE
r-devel-windows-x86_64 1.4.2 14.00 60.00 74.00 NOTE
r-devel-windows-x86_64-gcc10-UCRT 1.4.2 ERROR
r-patched-linux-x86_64 1.4.2 2.21 35.48 37.69 NOTE
r-patched-solaris-x86 1.4.2 68.60 NOTE
r-release-linux-x86_64 1.4.2 2.30 35.00 37.30 NOTE
r-release-macos-arm64 1.4.2 NOTE
r-release-macos-x86_64 1.4.2 NOTE
r-release-windows-ix86+x86_64 1.4.2 13.00 52.00 65.00 NOTE
r-oldrel-macos-x86_64 1.4.2 OK
r-oldrel-windows-ix86+x86_64 1.4.2 12.00 54.00 66.00 OK

Check Details

Version: 1.4.2
Check: LazyData
Result: NOTE
     'LazyData' is specified without a 'data' directory
Flavors: r-devel-linux-x86_64-debian-clang, r-devel-linux-x86_64-debian-gcc, r-devel-linux-x86_64-fedora-clang, r-devel-linux-x86_64-fedora-gcc, r-devel-windows-x86_64, r-patched-linux-x86_64, r-patched-solaris-x86, r-release-linux-x86_64, r-release-macos-arm64, r-release-macos-x86_64, r-release-windows-ix86+x86_64

Version: 1.4.2
Check: whether package can be installed
Result: ERROR
    Installation failed.
Flavor: r-devel-windows-x86_64-gcc10-UCRT