CRAN Package Check Results for Package glamlasso

Last updated on 2021-10-22 09:53:05 CEST.

Flavor Version Tinstall Tcheck Ttotal Status Flags
r-devel-linux-x86_64-debian-clang 3.0.1 135.93 32.05 167.98 OK
r-devel-linux-x86_64-debian-gcc 3.0.1 95.35 25.32 120.67 OK
r-devel-linux-x86_64-fedora-clang 3.0.1 257.97 NOTE
r-devel-linux-x86_64-fedora-gcc 3.0.1 181.88 OK
r-devel-windows-x86_64 3.0.1 103.00 70.00 173.00 OK
r-devel-windows-x86_64-gcc10-UCRT 3.0.1 OK
r-patched-linux-x86_64 3.0.1 93.74 31.37 125.11 OK
r-patched-solaris-x86 3.0.1 189.10 OK
r-release-linux-x86_64 3.0.1 88.81 31.27 120.08 OK
r-release-macos-arm64 3.0.1 NOTE
r-release-macos-x86_64 3.0.1 NOTE
r-release-windows-ix86+x86_64 3.0.1 144.00 86.00 230.00 OK
r-oldrel-macos-x86_64 3.0.1 NOTE
r-oldrel-windows-ix86+x86_64 3.0.1 203.00 82.00 285.00 OK

Check Details

Version: 3.0.1
Check: installed package size
Result: NOTE
     installed size is 9.5Mb
     sub-directories of 1Mb or more:
     libs 9.4Mb
Flavors: r-devel-linux-x86_64-fedora-clang, r-release-macos-arm64, r-release-macos-x86_64, r-oldrel-macos-x86_64