Last updated on 2024-04-17 08:57:32 CEST.
Flavor | Version | Tinstall | Tcheck | Ttotal | Status | Flags |
---|---|---|---|---|---|---|
r-devel-linux-x86_64-debian-clang | 1.0.2 | 2.15 | 25.15 | 27.30 | NOTE | |
r-devel-linux-x86_64-debian-gcc | 1.0.2 | 1.63 | 19.59 | 21.22 | NOTE | |
r-devel-linux-x86_64-fedora-clang | 1.0.2 | 36.50 | NOTE | |||
r-devel-linux-x86_64-fedora-gcc | 1.0.2 | 46.83 | NOTE | |||
r-prerel-macos-arm64 | 1.0.2 | 21.00 | NOTE | |||
r-prerel-windows-x86_64 | 1.0.2 | 4.00 | 40.00 | 44.00 | NOTE | |
r-patched-linux-x86_64 | 1.0.2 | 1.68 | 24.52 | 26.20 | NOTE | |
r-release-linux-x86_64 | 1.0.2 | 2.09 | 22.77 | 24.86 | NOTE | |
r-release-macos-arm64 | 1.0.2 | 22.00 | NOTE | |||
r-release-macos-x86_64 | 1.0.2 | 28.00 | NOTE | |||
r-release-windows-x86_64 | 1.0.2 | 4.00 | 39.00 | 43.00 | NOTE | |
r-oldrel-macos-arm64 | 1.0.2 | 17.00 | OK | |||
r-oldrel-windows-x86_64 | 1.0.2 | 3.00 | 44.00 | 47.00 | OK |
Version: 1.0.2
Check: package subdirectories
Result: NOTE
Problems with news in ‘NEWS.md’:
No news entries found.
Flavors: r-devel-linux-x86_64-debian-clang, r-devel-linux-x86_64-debian-gcc, r-devel-linux-x86_64-fedora-clang, r-devel-linux-x86_64-fedora-gcc, r-prerel-macos-arm64, r-prerel-windows-x86_64, r-patched-linux-x86_64, r-release-linux-x86_64, r-release-macos-arm64, r-release-macos-x86_64, r-release-windows-x86_64