CRAN Package Check Results for Package gitdown

Last updated on 2021-10-20 09:55:09 CEST.

Flavor Version Tinstall Tcheck Ttotal Status Flags
r-devel-linux-x86_64-debian-clang 0.1.3 5.50 62.27 67.77 OK
r-devel-linux-x86_64-debian-gcc 0.1.3 3.53 47.77 51.30 OK
r-devel-linux-x86_64-fedora-clang 0.1.3 90.92 OK
r-devel-linux-x86_64-fedora-gcc 0.1.3 77.77 OK
r-devel-windows-x86_64 0.1.3 9.00 98.00 107.00 OK
r-devel-windows-x86_64-gcc10-UCRT 0.1.3 OK
r-patched-linux-x86_64 0.1.3 5.81 57.83 63.64 OK
r-patched-solaris-x86 0.1.3 105.90 OK
r-release-linux-x86_64 0.1.3 3.68 57.77 61.45 OK
r-release-macos-arm64 0.1.3 OK
r-release-macos-x86_64 0.1.3 OK
r-release-windows-ix86+x86_64 0.1.3 16.00 86.00 102.00 ERROR
r-oldrel-macos-x86_64 0.1.3 OK
r-oldrel-windows-ix86+x86_64 0.1.3 14.00 91.00 105.00 OK

Check Details

Version: 0.1.3
Check: tests
Result: ERROR
     Running 'testthat.R' [8s]
    Running the tests in 'tests/testthat.R' failed.
    Complete output:
     > library(testthat)
     > library(gitdown)
     >
     > test_check("gitdown")
     inline R code fragments
    
     "D:/compiler/pandoc/pandoc" +RTS -K512m -RTS index.knit.md --to html4 --from markdown+autolink_bare_uris+tex_math_single_backslash --output index.html --standalone --section-divs --table-of-contents --toc-depth 3 --template "D:\temp\Rtmp8AnuVA\RLIBS_1664c2ac117a3\bookdown\templates\gitbook.html" --highlight-style pygments --number-sections --css style.css --include-in-header "D:\temp\RtmpiUGzjG\rmarkdown-str164f444ea4f0b.html" --mathjax
     inline R code fragments
    
     "D:/compiler/pandoc/pandoc" +RTS -K512m -RTS index.knit.md --to html4 --from markdown+autolink_bare_uris+tex_math_single_backslash --output index.html --standalone --section-divs --table-of-contents --toc-depth 3 --template "D:\temp\Rtmp8AnuVA\RLIBS_1664c2ac117a3\bookdown\templates\gitbook.html" --highlight-style pygments --number-sections --css style.css --include-in-header "D:\temp\RtmpiUGzjG\rmarkdown-str164f465496ee8.html" --mathjax
     inline R code fragments
    
     "D:/compiler/pandoc/pandoc" +RTS -K512m -RTS index.knit.md --to html4 --from markdown+autolink_bare_uris+tex_math_single_backslash --output index.html --standalone --section-divs --table-of-contents --toc-depth 3 --template "D:\temp\Rtmp8AnuVA\RLIBS_1664c2ac117a3\bookdown\templates\gitbook.html" --highlight-style pygments --number-sections --css style.css --include-in-header "D:\temp\RtmpiUGzjG\rmarkdown-str164f469711f83.html" --mathjax
     inline R code fragments
    
     "D:/compiler/pandoc/pandoc" +RTS -K512m -RTS index.knit.md --to html4 --from markdown+autolink_bare_uris+tex_math_single_backslash --output index.html --standalone --section-divs --table-of-contents --toc-depth 3 --template "D:\temp\Rtmp8AnuVA\RLIBS_1664c2ac117a3\bookdown\templates\gitbook.html" --highlight-style pygments --number-sections --css style.css --include-in-header "D:\temp\RtmpiUGzjG\rmarkdown-str164f46966fc7.html" --mathjax
     == Failed tests ================================================================
     -- Failure (test-get_info_files.R:13:3): get_info works ------------------------
     as.character(as.Date(infos$first_modif)) not equal to setNames(today, "first").
     1/1 mismatches
     x[1]: "2021-10-15"
     y[1]: "2021-10-16"
     -- Failure (test-get_info_files.R:14:3): get_info works ------------------------
     as.character(as.Date(infos$last_modif)) not equal to setNames(today, "last").
     1/1 mismatches
     x[1]: "2021-10-15"
     y[1]: "2021-10-16"
     -- Failure (test-get_info_files.R:19:3): get_info works ------------------------
     as.character(as.Date(infos_not_in_repo$last_modif)) not equal to setNames(today, "last").
     1/1 mismatches
     x[1]: "2021-10-15"
     y[1]: "2021-10-16"
    
     [ FAIL 3 | WARN 0 | SKIP 0 | PASS 72 ]
     Error: Test failures
     Execution halted
Flavor: r-release-windows-ix86+x86_64