CRAN Package Check Results for Package gimms

Last updated on 2021-09-22 09:52:27 CEST.

Flavor Version Tinstall Tcheck Ttotal Status Flags
r-devel-linux-x86_64-debian-clang 1.2.1 10.63 87.84 98.47 OK
r-devel-linux-x86_64-debian-gcc 1.2.1 8.95 67.93 76.88 OK
r-devel-linux-x86_64-fedora-clang 1.2.1 126.06 OK
r-devel-linux-x86_64-fedora-gcc 1.2.1 115.22 OK
r-devel-windows-x86_64 1.2.1 11.00 89.00 100.00 OK
r-devel-windows-x86_64-gcc10-UCRT 1.2.1 ERROR
r-patched-linux-x86_64 1.2.1 11.06 85.26 96.32 OK
r-patched-solaris-x86 1.2.1 177.30 OK
r-release-linux-x86_64 1.2.1 8.90 85.09 93.99 OK
r-release-macos-arm64 1.2.1 OK
r-release-macos-x86_64 1.2.1 OK
r-release-windows-ix86+x86_64 1.2.1 22.00 82.00 104.00 OK
r-oldrel-macos-x86_64 1.2.1 OK
r-oldrel-windows-ix86+x86_64 1.2.1 15.00 88.00 103.00 OK

Check Details

Version: 1.2.1
Check: PDF version of manual
Result: WARN
    LaTeX errors when creating PDF version.
    This typically indicates Rd problems.
Flavor: r-devel-windows-x86_64-gcc10-UCRT

Version: 1.2.1
Check: PDF version of manual without hyperrefs or index
Result: ERROR
    Re-running with no redirection of stdout/stderr.
Flavor: r-devel-windows-x86_64-gcc10-UCRT