Last updated on 2024-04-24 10:22:56 CEST.
Flavor | Version | Tinstall | Tcheck | Ttotal | Status | Flags |
---|---|---|---|---|---|---|
r-devel-linux-x86_64-debian-clang | 0.2.1 | 39.02 | 29.75 | 68.77 | NOTE | |
r-devel-linux-x86_64-debian-gcc | 0.2.1 | 39.55 | 23.29 | 62.84 | NOTE | |
r-devel-linux-x86_64-fedora-clang | 0.2.1 | 107.51 | NOTE | |||
r-devel-linux-x86_64-fedora-gcc | 0.2.1 | 115.81 | NOTE | |||
r-devel-windows-x86_64 | 0.2.1 | 37.00 | 64.00 | 101.00 | NOTE | |
r-patched-linux-x86_64 | 0.2.1 | 49.51 | 28.52 | 78.03 | NOTE | |
r-release-linux-x86_64 | 0.2.1 | 53.35 | 29.68 | 83.03 | OK | |
r-release-macos-arm64 | 0.2.1 | 35.00 | OK | |||
r-release-windows-x86_64 | 0.2.1 | 48.00 | 73.00 | 121.00 | OK | |
r-oldrel-macos-arm64 | 0.2.1 | 31.00 | OK | |||
r-oldrel-macos-x86_64 | 0.2.1 | 53.00 | OK | |||
r-oldrel-windows-x86_64 | 0.2.1 | 44.00 | 72.00 | 116.00 | OK |
Version: 0.2.1
Check: Rd files
Result: NOTE
checkRd: (-1) gigg.Rd:70-77: Lost braces in \itemize; \value handles \item{}{} directly
checkRd: (-1) gigg.Rd:78: Lost braces in \itemize; \value handles \item{}{} directly
checkRd: (-1) gigg.Rd:79: Lost braces in \itemize; \value handles \item{}{} directly
checkRd: (-1) gigg.Rd:80: Lost braces in \itemize; \value handles \item{}{} directly
checkRd: (-1) gigg.Rd:81: Lost braces in \itemize; \value handles \item{}{} directly
checkRd: (-1) gigg.Rd:82: Lost braces in \itemize; \value handles \item{}{} directly
checkRd: (-1) gigg.Rd:83: Lost braces in \itemize; \value handles \item{}{} directly
checkRd: (-1) gigg.Rd:84: Lost braces in \itemize; \value handles \item{}{} directly
checkRd: (-1) gigg.Rd:85: Lost braces in \itemize; \value handles \item{}{} directly
checkRd: (-1) gigg.Rd:86: Lost braces in \itemize; \value handles \item{}{} directly
Flavors: r-devel-linux-x86_64-debian-clang, r-devel-linux-x86_64-debian-gcc, r-devel-linux-x86_64-fedora-clang, r-devel-linux-x86_64-fedora-gcc, r-devel-windows-x86_64, r-patched-linux-x86_64