CRAN Package Check Results for Package ghibli

Last updated on 2021-07-27 09:53:20 CEST.

Flavor Version Tinstall Tcheck Ttotal Status Flags
r-devel-linux-x86_64-debian-clang 0.3.2 2.01 30.95 32.96 OK
r-devel-linux-x86_64-debian-gcc 0.3.2 1.58 24.33 25.91 OK
r-devel-linux-x86_64-fedora-clang 0.3.2 27.66 OK
r-devel-linux-x86_64-fedora-gcc 0.3.2 22.52 OK
r-devel-windows-x86_64 0.3.2 5.00 49.00 54.00 OK
r-devel-windows-x86_64-gcc10-UCRT 0.3.2 OK
r-patched-linux-x86_64 0.3.2 1.93 29.51 31.44 OK
r-patched-solaris-x86 0.3.2 53.70 OK
r-release-linux-x86_64 0.3.2 2.12 29.65 31.77 OK
r-release-macos-arm64 0.3.2 WARN
r-release-macos-x86_64 0.3.2 OK
r-release-windows-ix86+x86_64 0.3.2 5.00 37.00 42.00 OK
r-oldrel-macos-x86_64 0.3.2 NOTE
r-oldrel-windows-ix86+x86_64 0.3.2 5.00 48.00 53.00 OK

Check Details

Version: 0.3.2
Check: re-building of vignette outputs
Result: WARN
    Error(s) in re-building vignettes:
    --- re-building ‘ghibli.Rmd’ using rmarkdown
    Warning in engine$weave(file, quiet = quiet, encoding = enc) :
     Pandoc (>= 1.12.3) not available. Falling back to R Markdown v1.
    Loading required package: ghibli
    Warning in doTryCatch(return(expr), name, parentenv, handler) :
     no font could be found for family "Arial"
    Warning in doTryCatch(return(expr), name, parentenv, handler) :
     no font could be found for family "Arial"
    Warning in doTryCatch(return(expr), name, parentenv, handler) :
     no font could be found for family "Arial"
    Warning in doTryCatch(return(expr), name, parentenv, handler) :
     font "Times-Roman" could not be found for family "serif"
    Warning in doTryCatch(return(expr), name, parentenv, handler) :
     font "Times-Roman" could not be found for family "serif"
    Warning in doTryCatch(return(expr), name, parentenv, handler) :
     font "Times-Roman" could not be found for family "serif"
    Warning in doTryCatch(return(expr), name, parentenv, handler) :
     font "Times-Roman" could not be found for family "serif"
    Warning in doTryCatch(return(expr), name, parentenv, handler) :
     font "Times-Roman" could not be found for family "serif"
    Warning in doTryCatch(return(expr), name, parentenv, handler) :
     font "Times-Roman" could not be found for family "serif"
    Warning in doTryCatch(return(expr), name, parentenv, handler) :
     font "Times-Roman" could not be found for family "serif"
    Warning in doTryCatch(return(expr), name, parentenv, handler) :
     font "Times-Roman" could not be found for family "serif"
    Warning in doTryCatch(return(expr), name, parentenv, handler) :
     font "Times-Roman" could not be found for family "serif"
    Warning in doTryCatch(return(expr), name, parentenv, handler) :
     font "Times-Roman" could not be found for family "serif"
    Warning in doTryCatch(return(expr), name, parentenv, handler) :
     font "Times-Roman" could not be found for family "serif"
    Warning in doTryCatch(return(expr), name, parentenv, handler) :
     font "Times-Roman" could not be found for family "serif"
    Warning in doTryCatch(return(expr), name, parentenv, handler) :
     font "Times-Roman" could not be found for family "serif"
    Warning in doTryCatch(return(expr), name, parentenv, handler) :
     font "Times-Roman" could not be found for family "serif"
    Warning in doTryCatch(return(expr), name, parentenv, handler) :
     no font could be found for family "Arial"
    Warning in doTryCatch(return(expr), name, parentenv, handler) :
     no font could be found for family "Arial"
    Warning in doTryCatch(return(expr), name, parentenv, handler) :
     no font could be found for family "Arial"
    Warning in doTryCatch(return(expr), name, parentenv, handler) :
     font "Times-Roman" could not be found for family "serif"
    Warning in doTryCatch(return(expr), name, parentenv, handler) :
     font "Times-Roman" could not be found for family "serif"
    Warning in doTryCatch(return(expr), name, parentenv, handler) :
     font "Times-Roman" could not be found for family "serif"
    Warning in doTryCatch(return(expr), name, parentenv, handler) :
     font "Times-Roman" could not be found for family "serif"
    Warning in doTryCatch(return(expr), name, parentenv, handler) :
     font "Times-Roman" could not be found for family "serif"
    Warning in doTryCatch(return(expr), name, parentenv, handler) :
     font "Times-Roman" could not be found for family "serif"
    Warning in doTryCatch(return(expr), name, parentenv, handler) :
     font "Times-Roman" could not be found for family "serif"
    Warning in doTryCatch(return(expr), name, parentenv, handler) :
     font "Times-Roman" could not be found for family "serif"
    Warning in doTryCatch(return(expr), name, parentenv, handler) :
     font "Times-Roman" could not be found for family "serif"
    Warning in doTryCatch(return(expr), name, parentenv, handler) :
     font "Times-Roman" could not be found for family "serif"
    Warning in doTryCatch(return(expr), name, parentenv, handler) :
     font "Times-Roman" could not be found for family "serif"
    Warning in doTryCatch(return(expr), name, parentenv, handler) :
     font "Times-Roman" could not be found for family "serif"
    Warning in doTryCatch(return(expr), name, parentenv, handler) :
     font "Times-Roman" could not be found for family "serif"
    Warning in doTryCatch(return(expr), name, parentenv, handler) :
     font "Times-Roman" could not be found for family "serif"
    Warning in doTryCatch(return(expr), name, parentenv, handler) :
     no font could be found for family "Arial"
    Warning in doTryCatch(return(expr), name, parentenv, handler) :
     no font could be found for family "Arial"
    Warning in doTryCatch(return(expr), name, parentenv, handler) :
     no font could be found for family "Arial"
    Warning in doTryCatch(return(expr), name, parentenv, handler) :
     font "Times-Roman" could not be found for family "serif"
    Warning in doTryCatch(return(expr), name, parentenv, handler) :
     font "Times-Roman" could not be found for family "serif"
    Warning in doTryCatch(return(expr), name, parentenv, handler) :
     font "Times-Roman" could not be found for family "serif"
    Warning in doTryCatch(return(expr), name, parentenv, handler) :
     font "Times-Roman" could not be found for family "serif"
    Warning in doTryCatch(return(expr), name, parentenv, handler) :
     font "Times-Roman" could not be found for family "serif"
    Warning in doTryCatch(return(expr), name, parentenv, handler) :
     font "Times-Roman" could not be found for family "serif"
    Warning in doTryCatch(return(expr), name, parentenv, handler) :
     font "Times-Roman" could not be found for family "serif"
    Warning in doTryCatch(return(expr), name, parentenv, handler) :
     font "Times-Roman" could not be found for family "serif"
    Warning in doTryCatch(return(expr), name, parentenv, handler) :
     font "Times-Roman" could not be found for family "serif"
    Warning in doTryCatch(return(expr), name, parentenv, handler) :
     font "Times-Roman" could not be found for family "serif"
    Warning in doTryCatch(return(expr), name, parentenv, handler) :
     font "Times-Roman" could not be found for family "serif"
    Warning in doTryCatch(return(expr), name, parentenv, handler) :
     font "Times-Roman" could not be found for family "serif"
    Warning in doTryCatch(return(expr), name, parentenv, handler) :
     font "Times-Roman" could not be found for family "serif"
    Warning in doTryCatch(return(expr), name, parentenv, handler) :
     no font could be found for family "Arial"
    Warning in doTryCatch(return(expr), name, parentenv, handler) :
     no font could be found for family "Arial"
    Warning in doTryCatch(return(expr), name, parentenv, handler) :
     no font could be found for family "Arial"
    Warning in doTryCatch(return(expr), name, parentenv, handler) :
     font "Times-Roman" could not be found for family "serif"
    Warning in doTryCatch(return(expr), name, parentenv, handler) :
     font "Times-Roman" could not be found for family "serif"
    Warning in doTryCatch(return(expr), name, parentenv, handler) :
     font "Times-Roman" could not be found for family "serif"
    Warning in doTryCatch(return(expr), name, parentenv, handler) :
     font "Times-Roman" could not be found for family "serif"
    Warning in doTryCatch(return(expr), name, parentenv, handler) :
     font "Times-Roman" could not be found for family "serif"
    Warning in doTryCatch(return(expr), name, parentenv, handler) :
     font "Times-Roman" could not be found for family "serif"
    Warning in doTryCatch(return(expr), name, parentenv, handler) :
     font "Times-Roman" could not be found for family "serif"
    Warning in doTryCatch(return(expr), name, parentenv, handler) :
     font "Times-Roman" could not be found for family "serif"
    Warning in doTryCatch(return(expr), name, parentenv, handler) :
     font "Times-Roman" could not be found for family "serif"
    Warning in doTryCatch(return(expr), name, parentenv, handler) :
     font "Times-Roman" could not be found for family "serif"
    Warning in doTryCatch(return(expr), name, parentenv, handler) :
     font "Times-Roman" could not be found for family "serif"
    Warning in doTryCatch(return(expr), name, parentenv, handler) :
     font "Times-Roman" could not be found for family "serif"
    Warning in doTryCatch(return(expr), name, parentenv, handler) :
     font "Times-Roman" could not be found for family "serif"
    Warning in doTryCatch(return(expr), name, parentenv, handler) :
     font "Times-Roman" could not be found for family "serif"
    Warning in doTryCatch(return(expr), name, parentenv, handler) :
     no font could be found for family "Arial"
    Warning in doTryCatch(return(expr), name, parentenv, handler) :
     no font could be found for family "Arial"
    Warning in doTryCatch(return(expr), name, parentenv, handler) :
     no font could be found for family "Arial"
    Warning in doTryCatch(return(expr), name, parentenv, handler) :
     font "Times-Roman" could not be found for family "serif"
    Warning in doTryCatch(return(expr), name, parentenv, handler) :
     font "Times-Roman" could not be found for family "serif"
    Warning in doTryCatch(return(expr), name, parentenv, handler) :
     font "Times-Roman" could not be found for family "serif"
    Warning in doTryCatch(return(expr), name, parentenv, handler) :
     font "Times-Roman" could not be found for family "serif"
    Warning in doTryCatch(return(expr), name, parentenv, handler) :
     font "Times-Roman" could not be found for family "serif"
    Warning in doTryCatch(return(expr), name, parentenv, handler) :
     font "Times-Roman" could not be found for family "serif"
    Warning in doTryCatch(return(expr), name, parentenv, handler) :
     font "Times-Roman" could not be found for family "serif"
    Warning in doTryCatch(return(expr), name, parentenv, handler) :
     font "Times-Roman" could not be found for family "serif"
    Warning in doTryCatch(return(expr), name, parentenv, handler) :
     font "Times-Roman" could not be found for family "serif"
    Warning in doTryCatch(return(expr), name, parentenv, handler) :
     font "Times-Roman" could not be found for family "serif"
    Warning in doTryCatch(return(expr), name, parentenv, handler) :
     font "Times-Roman" could not be found for family "serif"
    Warning in doTryCatch(return(expr), name, parentenv, handler) :
     font "Times-Roman" could not be found for family "serif"
    Warning in doTryCatch(return(expr), name, parentenv, handler) :
     font "Times-Roman" could not be found for family "serif"
    Warning in doTryCatch(return(expr), name, parentenv, handler) :
     font "Times-Roman" could not be found for family "serif"
    Warning in doTryCatch(return(expr), name, parentenv, handler) :
     no font could be found for family "Arial"
    Warning in doTryCatch(return(expr), name, parentenv, handler) :
     no font could be found for family "Arial"
    Warning in doTryCatch(return(expr), name, parentenv, handler) :
     no font could be found for family "Arial"
    Warning in doTryCatch(return(expr), name, parentenv, handler) :
     font "Times-Roman" could not be found for family "serif"
    Warning in doTryCatch(return(expr), name, parentenv, handler) :
     font "Times-Roman" could not be found for family "serif"
    Warning in doTryCatch(return(expr), name, parentenv, handler) :
     font "Times-Roman" could not be found for family "serif"
    Warning in doTryCatch(return(expr), name, parentenv, handler) :
     font "Times-Roman" could not be found for family "serif"
    Warning in doTryCatch(return(expr), name, parentenv, handler) :
     font "Times-Roman" could not be found for family "serif"
    Warning in doTryCatch(return(expr), name, parentenv, handler) :
     font "Times-Roman" could not be found for family "serif"
    Warning in doTryCatch(return(expr), name, parentenv, handler) :
     font "Times-Roman" could not be found for family "serif"
    Warning in doTryCatch(return(expr), name, parentenv, handler) :
     font "Times-Roman" could not be found for family "serif"
    Warning in doTryCatch(return(expr), name, parentenv, handler) :
     font "Times-Roman" could not be found for family "serif"
    Warning in doTryCatch(return(expr), name, parentenv, handler) :
     font "Times-Roman" could not be found for family "serif"
    Warning in doTryCatch(return(expr), name, parentenv, handler) :
     font "Times-Roman" could not be found for family "serif"
    Warning in doTryCatch(return(expr), name, parentenv, handler) :
     font "Times-Roman" could not be found for family "serif"
    Warning in doTryCatch(return(expr), name, parentenv, handler) :
     font "Times-Roman" could not be found for family "serif"
    Warning in doTryCatch(return(expr), name, parentenv, handler) :
     no font could be found for family "Arial"
    Warning in doTryCatch(return(expr), name, parentenv, handler) :
     no font could be found for family "Arial"
    Warning in doTryCatch(return(expr), name, parentenv, handler) :
     no font could be found for family "Arial"
    Warning in doTryCatch(return(expr), name, parentenv, handler) :
     font "Times-Roman" could not be found for family "serif"
    Warning in doTryCatch(return(expr), name, parentenv, handler) :
     font "Times-Roman" could not be found for family "serif"
    Warning in doTryCatch(return(expr), name, parentenv, handler) :
     font "Times-Roman" could not be found for family "serif"
    Warning in doTryCatch(return(expr), name, parentenv, handler) :
     font "Times-Roman" could not be found for family "serif"
    Warning in doTryCatch(return(expr), name, parentenv, handler) :
     font "Times-Roman" could not be found for family "serif"
    Warning in doTryCatch(return(expr), name, parentenv, handler) :
     font "Times-Roman" could not be found for family "serif"
    Warning in doTryCatch(return(expr), name, parentenv, handler) :
     font "Times-Roman" could not be found for family "serif"
    Warning in doTryCatch(return(expr), name, parentenv, handler) :
     font "Times-Roman" could not be found for family "serif"
    Warning in doTryCatch(return(expr), name, parentenv, handler) :
     font "Times-Roman" could not be found for family "serif"
    Warning in doTryCatch(return(expr), name, parentenv, handler) :
     font "Times-Roman" could not be found for family "serif"
    Warning in doTryCatch(return(expr), name, parentenv, handler) :
     font "Times-Roman" could not be found for family "serif"
    Warning in doTryCatch(return(expr), name, parentenv, handler) :
     font "Times-Roman" could not be found for family "serif"
    Warning in doTryCatch(return(expr), name, parentenv, handler) :
     font "Times-Roman" could not be found for family "serif"
    Warning in doTryCatch(return(expr), name, parentenv, handler) :
     no font could be found for family "Arial"
    Warning in doTryCatch(return(expr), name, parentenv, handler) :
     no font could be found for family "Arial"
    Warning in doTryCatch(return(expr), name, parentenv, handler) :
     no font could be found for family "Arial"
    Warning in doTryCatch(return(expr), name, parentenv, handler) :
     font "Times-Roman" could not be found for family "serif"
    Warning in doTryCatch(return(expr), name, parentenv, handler) :
     font "Times-Roman" could not be found for family "serif"
    Warning in doTryCatch(return(expr), name, parentenv, handler) :
     font "Times-Roman" could not be found for family "serif"
    Warning in doTryCatch(return(expr), name, parentenv, handler) :
     font "Times-Roman" could not be found for family "serif"
    Warning in doTryCatch(return(expr), name, parentenv, handler) :
     font "Times-Roman" could not be found for family "serif"
    Warning in doTryCatch(return(expr), name, parentenv, handler) :
     font "Times-Roman" could not be found for family "serif"
    Warning in doTryCatch(return(expr), name, parentenv, handler) :
     font "Times-Roman" could not be found for family "serif"
    Warning in doTryCatch(return(expr), name, parentenv, handler) :
     font "Times-Roman" could not be found for family "serif"
    Warning in doTryCatch(return(expr), name, parentenv, handler) :
     font "Times-Roman" could not be found for family "serif"
    Warning in doTryCatch(return(expr), name, parentenv, handler) :
     font "Times-Roman" could not be found for family "serif"
    Warning in doTryCatch(return(expr), name, parentenv, handler) :
     font "Times-Roman" could not be found for family "serif"
    Warning in doTryCatch(return(expr), name, parentenv, handler) :
     font "Times-Roman" could not be found for family "serif"
    Warning in doTryCatch(return(expr), name, parentenv, handler) :
     font "Times-Roman" could not be found for family "serif"
    Warning in doTryCatch(return(expr), name, parentenv, handler) :
     no font could be found for family "Arial"
    Warning in doTryCatch(return(expr), name, parentenv, handler) :
     no font could be found for family "Arial"
    Warning in doTryCatch(return(expr), name, parentenv, handler) :
     no font could be found for family "Arial"
    Warning in doTryCatch(return(expr), name, parentenv, handler) :
     font "Times-Roman" could not be found for family "serif"
    Warning in doTryCatch(return(expr), name, parentenv, handler) :
     font "Times-Roman" could not be found for family "serif"
    Warning in doTryCatch(return(expr), name, parentenv, handler) :
     font "Times-Roman" could not be found for family "serif"
    Warning in doTryCatch(return(expr), name, parentenv, handler) :
     font "Times-Roman" could not be found for family "serif"
    Warning in doTryCatch(return(expr), name, parentenv, handler) :
     font "Times-Roman" could not be found for family "serif"
    Warning in doTryCatch(return(expr), name, parentenv, handler) :
     font "Times-Roman" could not be found for family "serif"
    Warning in doTryCatch(return(expr), name, parentenv, handler) :
     font "Times-Roman" could not be found for family "serif"
    Warning in doTryCatch(return(expr), name, parentenv, handler) :
     font "Times-Roman" could not be found for family "serif"
    Warning in doTryCatch(return(expr), name, parentenv, handler) :
     font "Times-Roman" could not be found for family "serif"
    Warning in doTryCatch(return(expr), name, parentenv, handler) :
     font "Times-Roman" could not be found for family "serif"
    Warning in doTryCatch(return(expr), name, parentenv, handler) :
     font "Times-Roman" could not be found for family "serif"
    Warning in doTryCatch(return(expr), name, parentenv, handler) :
     font "Times-Roman" could not be found for family "serif"
    Warning in doTryCatch(return(expr), name, parentenv, handler) :
     no font could be found for family "Arial"
    Warning in doTryCatch(return(expr), name, parentenv, handler) :
     no font could be found for family "Arial"
    Warning in doTryCatch(return(expr), name, parentenv, handler) :
     no font could be found for family "Arial"
    Warning in doTryCatch(return(expr), name, parentenv, handler) :
     font "Times-Roman" could not be found for family "serif"
    Warning in doTryCatch(return(expr), name, parentenv, handler) :
     font "Times-Roman" could not be found for family "serif"
    Warning in doTryCatch(return(expr), name, parentenv, handler) :
     font "Times-Roman" could not be found for family "serif"
    Warning in doTryCatch(return(expr), name, parentenv, handler) :
     font "Times-Roman" could not be found for family "serif"
    Warning in doTryCatch(return(expr), name, parentenv, handler) :
     font "Times-Roman" could not be found for family "serif"
    Warning in doTryCatch(return(expr), name, parentenv, handler) :
     font "Times-Roman" could not be found for family "serif"
    Warning in doTryCatch(return(expr), name, parentenv, handler) :
     font "Times-Roman" could not be found for family "serif"
    Warning in doTryCatch(return(expr), name, parentenv, handler) :
     font "Times-Roman" could not be found for family "serif"
    Warning in doTryCatch(return(expr), name, parentenv, handler) :
     font "Times-Roman" could not be found for family "serif"
    Warning in doTryCatch(return(expr), name, parentenv, handler) :
     font "Times-Roman" could not be found for family "serif"
    Warning in doTryCatch(return(expr), name, parentenv, handler) :
     font "Times-Roman" could not be found for family "serif"
    Warning in doTryCatch(return(expr), name, parentenv, handler) :
     font "Times-Roman" could not be found for family "serif"
    Warning in doTryCatch(return(expr), name, parentenv, handler) :
     font "Times-Roman" could not be found for family "serif"
    Warning in doTryCatch(return(expr), name, parentenv, handler) :
     font "Times-Roman" could not be found for family "serif"
    Warning in doTryCatch(return(expr), name, parentenv, handler) :
     no font could be found for family "Arial"
    Warning in doTryCatch(return(expr), name, parentenv, handler) :
     no font could be found for family "Arial"
    Warning in doTryCatch(return(expr), name, parentenv, handler) :
     no font could be found for family "Arial"
    Warning in doTryCatch(return(expr), name, parentenv, handler) :
     font "Times-Roman" could not be found for family "serif"
    Warning in doTryCatch(return(expr), name, parentenv, handler) :
     font "Times-Roman" could not be found for family "serif"
    Warning in doTryCatch(return(expr), name, parentenv, handler) :
     font "Times-Roman" could not be found for family "serif"
    Warning in doTryCatch(return(expr), name, parentenv, handler) :
     font "Times-Roman" could not be found for family "serif"
    Warning in doTryCatch(return(expr), name, parentenv, handler) :
     font "Times-Roman" could not be found for family "serif"
    Warning in doTryCatch(return(expr), name, parentenv, handler) :
     font "Times-Roman" could not be found for family "serif"
    Warning in doTryCatch(return(expr), name, parentenv, handler) :
     font "Times-Roman" could not be found for family "serif"
    Warning in doTryCatch(return(expr), name, parentenv, handler) :
     font "Times-Roman" could not be found for family "serif"
    Warning in doTryCatch(return(expr), name, parentenv, handler) :
     font "Times-Roman" could not be found for family "serif"
    Warning in doTryCatch(return(expr), name, parentenv, handler) :
     font "Times-Roman" could not be found for family "serif"
    Warning in doTryCatch(return(expr), name, parentenv, handler) :
     font "Times-Roman" could not be found for family "serif"
    Warning in doTryCatch(return(expr), name, parentenv, handler) :
     font "Times-Roman" could not be found for family "serif"
    Warning in doTryCatch(return(expr), name, parentenv, handler) :
     font "Times-Roman" could not be found for family "serif"
    Warning in doTryCatch(return(expr), name, parentenv, handler) :
     font "Times-Roman" could not be found for family "serif"
    Warning in doTryCatch(return(expr), name, parentenv, handler) :
     no font could be found for family "Arial"
    Warning in doTryCatch(return(expr), name, parentenv, handler) :
     no font could be found for family "Arial"
    Warning in doTryCatch(return(expr), name, parentenv, handler) :
     no font could be found for family "Arial"
    Warning in doTryCatch(return(expr), name, parentenv, handler) :
     font "Times-Roman" could not be found for family "serif"
    Warning in doTryCatch(return(expr), name, parentenv, handler) :
     font "Times-Roman" could not be found for family "serif"
    Warning in doTryCatch(return(expr), name, parentenv, handler) :
     font "Times-Roman" could not be found for family "serif"
    Warning in doTryCatch(return(expr), name, parentenv, handler) :
     font "Times-Roman" could not be found for family "serif"
    Warning in doTryCatch(return(expr), name, parentenv, handler) :
     font "Times-Roman" could not be found for family "serif"
    Warning in doTryCatch(return(expr), name, parentenv, handler) :
     font "Times-Roman" could not be found for family "serif"
    Warning in doTryCatch(return(expr), name, parentenv, handler) :
     font "Times-Roman" could not be found for family "serif"
    Warning in doTryCatch(return(expr), name, parentenv, handler) :
     font "Times-Roman" could not be found for family "serif"
    Warning in doTryCatch(return(expr), name, parentenv, handler) :
     font "Times-Roman" could not be found for family "serif"
    Warning in doTryCatch(return(expr), name, parentenv, handler) :
     font "Times-Roman" could not be found for family "serif"
    Warning in doTryCatch(return(expr), name, parentenv, handler) :
     font "Times-Roman" could not be found for family "serif"
    Warning in doTryCatch(return(expr), name, parentenv, handler) :
     font "Times-Roman" could not be found for family "serif"
    Warning in doTryCatch(return(expr), name, parentenv, handler) :
     font "Times-Roman" could not be found for family "serif"
    Warning in doTryCatch(return(expr), name, parentenv, handler) :
     no font could be found for family "Arial"
    Warning in doTryCatch(return(expr), name, parentenv, handler) :
     no font could be found for family "Arial"
    Warning in doTryCatch(return(expr), name, parentenv, handler) :
     no font could be found for family "Arial"
    Warning in doTryCatch(return(expr), name, parentenv, handler) :
     font "Times-Roman" could not be found for family "serif"
    Warning in doTryCatch(return(expr), name, parentenv, handler) :
     font "Times-Roman" could not be found for family "serif"
    Warning in doTryCatch(return(expr), name, parentenv, handler) :
     font "Times-Roman" could not be found for family "serif"
    Warning in doTryCatch(return(expr), name, parentenv, handler) :
     font "Times-Roman" could not be found for family "serif"
    Warning in doTryCatch(return(expr), name, parentenv, handler) :
     font "Times-Roman" could not be found for family "serif"
    Warning in doTryCatch(return(expr), name, parentenv, handler) :
     font "Times-Roman" could not be found for family "serif"
    Warning in doTryCatch(return(expr), name, parentenv, handler) :
     font "Times-Roman" could not be found for family "serif"
    Warning in doTryCatch(return(expr), name, parentenv, handler) :
     font "Times-Roman" could not be found for family "serif"
    Warning in doTryCatch(return(expr), name, parentenv, handler) :
     font "Times-Roman" could not be found for family "serif"
    Warning in doTryCatch(return(expr), name, parentenv, handler) :
     font "Times-Roman" could not be found for family "serif"
    Warning in doTryCatch(return(expr), name, parentenv, handler) :
     font "Times-Roman" could not be found for family "serif"
    Warning in doTryCatch(return(expr), name, parentenv, handler) :
     font "Times-Roman" could not be found for family "serif"
    Warning in doTryCatch(return(expr), name, parentenv, handler) :
     font "Times-Roman" could not be found for family "serif"
    Warning in doTryCatch(return(expr), name, parentenv, handler) :
     font "Times-Roman" could not be found for family "serif"
    Warning in doTryCatch(return(expr), name, parentenv, handler) :
     font "Times-Roman" could not be found for family "serif"
    Warning in doTryCatch(return(expr), name, parentenv, handler) :
     no font could be found for family "Arial"
    Warning in doTryCatch(return(expr), name, parentenv, handler) :
     no font could be found for family "Arial"
    Warning in doTryCatch(return(expr), name, parentenv, handler) :
     no font could be found for family "Arial"
    Warning in doTryCatch(return(expr), name, parentenv, handler) :
     font "Times-Roman" could not be found for family "serif"
    Warning in doTryCatch(return(expr), name, parentenv, handler) :
     font "Times-Roman" could not be found for family "serif"
    Warning in doTryCatch(return(expr), name, parentenv, handler) :
     font "Times-Roman" could not be found for family "serif"
    Warning in doTryCatch(return(expr), name, parentenv, handler) :
     font "Times-Roman" could not be found for family "serif"
    Warning in doTryCatch(return(expr), name, parentenv, handler) :
     font "Times-Roman" could not be found for family "serif"
    Warning in doTryCatch(return(expr), name, parentenv, handler) :
     font "Times-Roman" could not be found for family "serif"
    Warning in doTryCatch(return(expr), name, parentenv, handler) :
     font "Times-Roman" could not be found for family "serif"
    Warning in doTryCatch(return(expr), name, parentenv, handler) :
     font "Times-Roman" could not be found for family "serif"
    Warning in doTryCatch(return(expr), name, parentenv, handler) :
     font "Times-Roman" could not be found for family "serif"
    Warning in doTryCatch(return(expr), name, parentenv, handler) :
     font "Times-Roman" could not be found for family "serif"
    Warning in doTryCatch(return(expr), name, parentenv, handler) :
     font "Times-Roman" could not be found for family "serif"
    Warning in doTryCatch(return(expr), name, parentenv, handler) :
     font "Times-Roman" could not be found for family "serif"
    Warning in doTryCatch(return(expr), name, parentenv, handler) :
     font "Times-Roman" could not be found for family "serif"
    Warning in doTryCatch(return(expr), name, parentenv, handler) :
     font "Times-Roman" could not be found for family "serif"
    Warning in doTryCatch(return(expr), name, parentenv, handler) :
     font "Times-Roman" could not be found for family "serif"
    Warning in doTryCatch(return(expr), name, parentenv, handler) :
     no font could be found for family "Arial"
    Warning in doTryCatch(return(expr), name, parentenv, handler) :
     no font could be found for family "Arial"
    Warning in doTryCatch(return(expr), name, parentenv, handler) :
     no font could be found for family "Arial"
    Warning in doTryCatch(return(expr), name, parentenv, handler) :
     font "Times-Roman" could not be found for family "serif"
    Warning in doTryCatch(return(expr), name, parentenv, handler) :
     font "Times-Roman" could not be found for family "serif"
    Warning in doTryCatch(return(expr), name, parentenv, handler) :
     font "Times-Roman" could not be found for family "serif"
    Warning in doTryCatch(return(expr), name, parentenv, handler) :
     font "Times-Roman" could not be found for family "serif"
    Warning in doTryCatch(return(expr), name, parentenv, handler) :
     font "Times-Roman" could not be found for family "serif"
    Warning in doTryCatch(return(expr), name, parentenv, handler) :
     font "Times-Roman" could not be found for family "serif"
    Warning in doTryCatch(return(expr), name, parentenv, handler) :
     font "Times-Roman" could not be found for family "serif"
    Warning in doTryCatch(return(expr), name, parentenv, handler) :
     font "Times-Roman" could not be found for family "serif"
    Warning in doTryCatch(return(expr), name, parentenv, handler) :
     font "Times-Roman" could not be found for family "serif"
    Warning in doTryCatch(return(expr), name, parentenv, handler) :
     font "Times-Roman" could not be found for family "serif"
    Warning in doTryCatch(return(expr), name, parentenv, handler) :
     font "Times-Roman" could not be found for family "serif"
    Warning in doTryCatch(return(expr), name, parentenv, handler) :
     font "Times-Roman" could not be found for family "serif"
    Warning in doTryCatch(return(expr), name, parentenv, handler) :
     font "Times-Roman" could not be found for family "serif"
    Warning in doTryCatch(return(expr), name, parentenv, handler) :
     font "Times-Roman" could not be found for family "serif"
    Warning in doTryCatch(return(expr), name, parentenv, handler) :
     no font could be found for family "Arial"
    Warning in doTryCatch(return(expr), name, parentenv, handler) :
     no font could be found for family "Arial"
    Warning in doTryCatch(return(expr), name, parentenv, handler) :
     no font could be found for family "Arial"
    Warning in doTryCatch(return(expr), name, parentenv, handler) :
     font "Times-Roman" could not be found for family "serif"
    Warning in doTryCatch(return(expr), name, parentenv, handler) :
     font "Times-Roman" could not be found for family "serif"
    Warning in doTryCatch(return(expr), name, parentenv, handler) :
     font "Times-Roman" could not be found for family "serif"
    Warning in doTryCatch(return(expr), name, parentenv, handler) :
     font "Times-Roman" could not be found for family "serif"
    Warning in doTryCatch(return(expr), name, parentenv, handler) :
     font "Times-Roman" could not be found for family "serif"
    Warning in doTryCatch(return(expr), name, parentenv, handler) :
     font "Times-Roman" could not be found for family "serif"
    Warning in doTryCatch(return(expr), name, parentenv, handler) :
     font "Times-Roman" could not be found for family "serif"
    Warning in doTryCatch(return(expr), name, parentenv, handler) :
     font "Times-Roman" could not be found for family "serif"
    Warning in doTryCatch(return(expr), name, parentenv, handler) :
     font "Times-Roman" could not be found for family "serif"
    Warning in doTryCatch(return(expr), name, parentenv, handler) :
     font "Times-Roman" could not be found for family "serif"
    Warning in doTryCatch(return(expr), name, parentenv, handler) :
     font "Times-Roman" could not be found for family "serif"
    Warning in doTryCatch(return(expr), name, parentenv, handler) :
     font "Times-Roman" could not be found for family "serif"
    Warning in doTryCatch(return(expr), name, parentenv, handler) :
     font "Times-Roman" could not be found for family "serif"
    Warning in doTryCatch(return(expr), name, parentenv, handler) :
     font "Times-Roman" could not be found for family "serif"
    Warning in doTryCatch(return(expr), name, parentenv, handler) :
     font "Times-Roman" could not be found for family "serif"
    Warning in doTryCatch(return(expr), name, parentenv, handler) :
     font "Times-Roman" could not be found for family "serif"
    Warning in doTryCatch(return(expr), name, parentenv, handler) :
     no font could be found for family "Arial"
    Warning in doTryCatch(return(expr), name, parentenv, handler) :
     no font could be found for family "Arial"
    Warning in doTryCatch(return(expr), name, parentenv, handler) :
     no font could be found for family "Arial"
    Warning in doTryCatch(return(expr), name, parentenv, handler) :
     font "Times-Roman" could not be found for family "serif"
    Warning in doTryCatch(return(expr), name, parentenv, handler) :
     font "Times-Roman" could not be found for family "serif"
    Warning in doTryCatch(return(expr), name, parentenv, handler) :
     font "Times-Roman" could not be found for family "serif"
    Warning in doTryCatch(return(expr), name, parentenv, handler) :
     font "Times-Roman" could not be found for family "serif"
    Warning in doTryCatch(return(expr), name, parentenv, handler) :
     font "Times-Roman" could not be found for family "serif"
    Warning in doTryCatch(return(expr), name, parentenv, handler) :
     font "Times-Roman" could not be found for family "serif"
    Warning in doTryCatch(return(expr), name, parentenv, handler) :
     font "Times-Roman" could not be found for family "serif"
    Warning in doTryCatch(return(expr), name, parentenv, handler) :
     font "Times-Roman" could not be found for family "serif"
    Warning in doTryCatch(return(expr), name, parentenv, handler) :
     font "Times-Roman" could not be found for family "serif"
    Warning in doTryCatch(return(expr), name, parentenv, handler) :
     font "Times-Roman" could not be found for family "serif"
    Warning in doTryCatch(return(expr), name, parentenv, handler) :
     font "Times-Roman" could not be found for family "serif"
    Warning in doTryCatch(return(expr), name, parentenv, handler) :
     font "Times-Roman" could not be found for family "serif"
    Warning in doTryCatch(return(expr), name, parentenv, handler) :
     font "Times-Roman" could not be found for family "serif"
    Warning in doTryCatch(return(expr), name, parentenv, handler) :
     font "Times-Roman" could not be found for family "serif"
    Warning in doTryCatch(return(expr), name, parentenv, handler) :
     font "Times-Roman" could not be found for family "serif"
    Warning in doTryCatch(return(expr), name, parentenv, handler) :
     font "Times-Roman" could not be found for family "serif"
    Warning in doTryCatch(return(expr), name, parentenv, handler) :
     no font could be found for family "Arial"
    Warning in doTryCatch(return(expr), name, parentenv, handler) :
     no font could be found for family "Arial"
    Warning in doTryCatch(return(expr), name, parentenv, handler) :
     no font could be found for family "Arial"
    Warning in doTryCatch(return(expr), name, parentenv, handler) :
     font "Times-Roman" could not be found for family "serif"
    Warning in doTryCatch(return(expr), name, parentenv, handler) :
     font "Times-Roman" could not be found for family "serif"
    Warning in doTryCatch(return(expr), name, parentenv, handler) :
     font "Times-Roman" could not be found for family "serif"
    Warning in doTryCatch(return(expr), name, parentenv, handler) :
     font "Times-Roman" could not be found for family "serif"
    Warning in doTryCatch(return(expr), name, parentenv, handler) :
     font "Times-Roman" could not be found for family "serif"
    Warning in doTryCatch(return(expr), name, parentenv, handler) :
     font "Times-Roman" could not be found for family "serif"
    Warning in doTryCatch(return(expr), name, parentenv, handler) :
     font "Times-Roman" could not be found for family "serif"
    Warning in doTryCatch(return(expr), name, parentenv, handler) :
     font "Times-Roman" could not be found for family "serif"
    Warning in doTryCatch(return(expr), name, parentenv, handler) :
     font "Times-Roman" could not be found for family "serif"
    Warning in doTryCatch(return(expr), name, parentenv, handler) :
     font "Times-Roman" could not be found for family "serif"
    Warning in doTryCatch(return(expr), name, parentenv, handler) :
     font "Times-Roman" could not be found for family "serif"
    Warning in doTryCatch(return(expr), name, parentenv, handler) :
     font "Times-Roman" could not be found for family "serif"
    Warning in doTryCatch(return(expr), name, parentenv, handler) :
     font "Times-Roman" could not be found for family "serif"
    Warning in doTryCatch(return(expr), name, parentenv, handler) :
     font "Times-Roman" could not be found for family "serif"
    Warning in doTryCatch(return(expr), name, parentenv, handler) :
     font "Times-Roman" could not be found for family "serif"
    Warning in doTryCatch(return(expr), name, parentenv, handler) :
     no font could be found for family "Arial"
    Warning in doTryCatch(return(expr), name, parentenv, handler) :
     no font could be found for family "Arial"
    Warning in doTryCatch(return(expr), name, parentenv, handler) :
     no font could be found for family "Arial"
    Warning in doTryCatch(return(expr), name, parentenv, handler) :
     font "Times-Roman" could not be found for family "serif"
    Warning in doTryCatch(return(expr), name, parentenv, handler) :
     font "Times-Roman" could not be found for family "serif"
    Warning in doTryCatch(return(expr), name, parentenv, handler) :
     font "Times-Roman" could not be found for family "serif"
    Warning in doTryCatch(return(expr), name, parentenv, handler) :
     font "Times-Roman" could not be found for family "serif"
    Warning in doTryCatch(return(expr), name, parentenv, handler) :
     font "Times-Roman" could not be found for family "serif"
    Warning in doTryCatch(return(expr), name, parentenv, handler) :
     font "Times-Roman" could not be found for family "serif"
    Warning in doTryCatch(return(expr), name, parentenv, handler) :
     font "Times-Roman" could not be found for family "serif"
    Warning in doTryCatch(return(expr), name, parentenv, handler) :
     font "Times-Roman" could not be found for family "serif"
    Warning in doTryCatch(return(expr), name, parentenv, handler) :
     font "Times-Roman" could not be found for family "serif"
    Warning in doTryCatch(return(expr), name, parentenv, handler) :
     font "Times-Roman" could not be found for family "serif"
    Warning in doTryCatch(return(expr), name, parentenv, handler) :
     font "Times-Roman" could not be found for family "serif"
    Warning in doTryCatch(return(expr), name, parentenv, handler) :
     font "Times-Roman" could not be found for family "serif"
    Warning in doTryCatch(return(expr), name, parentenv, handler) :
     font "Times-Roman" could not be found for family "serif"
    Warning in doTryCatch(return(expr), name, parentenv, handler) :
     font "Times-Roman" could not be found for family "serif"
    Warning in doTryCatch(return(expr), name, parentenv, handler) :
     font "Times-Roman" could not be found for family "serif"
    Warning in doTryCatch(return(expr), name, parentenv, handler) :
     font "Times-Roman" could not be found for family "serif"
    Warning in doTryCatch(return(expr), name, parentenv, handler) :
     font "Times-Roman" could not be found for family "serif"
    Warning in doTryCatch(return(expr), name, parentenv, handler) :
     no font could be found for family "Arial"
    Warning in doTryCatch(return(expr), name, parentenv, handler) :
     no font could be found for family "Arial"
    Warning in doTryCatch(return(expr), name, parentenv, handler) :
     no font could be found for family "Arial"
    Warning in doTryCatch(return(expr), name, parentenv, handler) :
     font "Times-Roman" could not be found for family "serif"
    Warning in doTryCatch(return(expr), name, parentenv, handler) :
     font "Times-Roman" could not be found for family "serif"
    Warning in doTryCatch(return(expr), name, parentenv, handler) :
     font "Times-Roman" could not be found for family "serif"
    Warning in doTryCatch(return(expr), name, parentenv, handler) :
     font "Times-Roman" could not be found for family "serif"
    Warning in doTryCatch(return(expr), name, parentenv, handler) :
     font "Times-Roman" could not be found for family "serif"
    Warning in doTryCatch(return(expr), name, parentenv, handler) :
     font "Times-Roman" could not be found for family "serif"
    Warning in doTryCatch(return(expr), name, parentenv, handler) :
     font "Times-Roman" could not be found for family "serif"
    Warning in doTryCatch(return(expr), name, parentenv, handler) :
     font "Times-Roman" could not be found for family "serif"
    Warning in doTryCatch(return(expr), name, parentenv, handler) :
     font "Times-Roman" could not be found for family "serif"
    Warning in doTryCatch(return(expr), name, parentenv, handler) :
     font "Times-Roman" could not be found for family "serif"
    Warning in doTryCatch(return(expr), name, parentenv, handler) :
     font "Times-Roman" could not be found for family "serif"
    Warning in doTryCatch(return(expr), name, parentenv, handler) :
     font "Times-Roman" could not be found for family "serif"
    Warning in doTryCatch(return(expr), name, parentenv, handler) :
     font "Times-Roman" could not be found for family "serif"
    Warning in doTryCatch(return(expr), name, parentenv, handler) :
     font "Times-Roman" could not be found for family "serif"
    Warning in doTryCatch(return(expr), name, parentenv, handler) :
     font "Times-Roman" could not be found for family "serif"
    Warning in doTryCatch(return(expr), name, parentenv, handler) :
     font "Times-Roman" could not be found for family "serif"
    Warning in doTryCatch(return(expr), name, parentenv, handler) :
     font "Times-Roman" could not be found for family "serif"
    Warning in doTryCatch(return(expr), name, parentenv, handler) :
     no font could be found for family "Arial"
    Warning in doTryCatch(return(expr), name, parentenv, handler) :
     no font could be found for family "Arial"
    Warning in doTryCatch(return(expr), name, parentenv, handler) :
     no font could be found for family "Arial"
    Warning in doTryCatch(return(expr), name, parentenv, handler) :
     font "Times-Roman" could not be found for family "serif"
    Warning in doTryCatch(return(expr), name, parentenv, handler) :
     font "Times-Roman" could not be found for family "serif"
    Warning in doTryCatch(return(expr), name, parentenv, handler) :
     font "Times-Roman" could not be found for family "serif"
    Warning in doTryCatch(return(expr), name, parentenv, handler) :
     font "Times-Roman" could not be found for family "serif"
    Warning in doTryCatch(return(expr), name, parentenv, handler) :
     font "Times-Roman" could not be found for family "serif"
    Warning in doTryCatch(return(expr), name, parentenv, handler) :
     font "Times-Roman" could not be found for family "serif"
    Warning in doTryCatch(return(expr), name, parentenv, handler) :
     font "Times-Roman" could not be found for family "serif"
    Warning in doTryCatch(return(expr), name, parentenv, handler) :
     font "Times-Roman" could not be found for family "serif"
    Warning in doTryCatch(return(expr), name, parentenv, handler) :
     font "Times-Roman" could not be found for family "serif"
    Warning in doTryCatch(return(expr), name, parentenv, handler) :
     font "Times-Roman" could not be found for family "serif"
    Warning in doTryCatch(return(expr), name, parentenv, handler) :
     font "Times-Roman" could not be found for family "serif"
    Warning in doTryCatch(return(expr), name, parentenv, handler) :
     font "Times-Roman" could not be found for family "serif"
    Warning in doTryCatch(return(expr), name, parentenv, handler) :
     font "Times-Roman" could not be found for family "serif"
    Warning in doTryCatch(return(expr), name, parentenv, handler) :
     font "Times-Roman" could not be found for family "serif"
    Warning in doTryCatch(return(expr), name, parentenv, handler) :
     font "Times-Roman" could not be found for family "serif"
    Warning in doTryCatch(return(expr), name, parentenv, handler) :
     font "Times-Roman" could not be found for family "serif"
    Warning in doTryCatch(return(expr), name, parentenv, handler) :
     no font could be found for family "Arial"
    Warning in doTryCatch(return(expr), name, parentenv, handler) :
     no font could be found for family "Arial"
    Warning in doTryCatch(return(expr), name, parentenv, handler) :
     no font could be found for family "Arial"
    Warning in doTryCatch(return(expr), name, parentenv, handler) :
     font "Times-Roman" could not be found for family "serif"
    Warning in doTryCatch(return(expr), name, parentenv, handler) :
     font "Times-Roman" could not be found for family "serif"
    Warning in doTryCatch(return(expr), name, parentenv, handler) :
     font "Times-Roman" could not be found for family "serif"
    Warning in doTryCatch(return(expr), name, parentenv, handler) :
     font "Times-Roman" could not be found for family "serif"
    Warning in doTryCatch(return(expr), name, parentenv, handler) :
     font "Times-Roman" could not be found for family "serif"
    Warning in doTryCatch(return(expr), name, parentenv, handler) :
     font "Times-Roman" could not be found for family "serif"
    Warning in doTryCatch(return(expr), name, parentenv, handler) :
     font "Times-Roman" could not be found for family "serif"
    Warning in doTryCatch(return(expr), name, parentenv, handler) :
     font "Times-Roman" could not be found for family "serif"
    Warning in doTryCatch(return(expr), name, parentenv, handler) :
     font "Times-Roman" could not be found for family "serif"
    Warning in doTryCatch(return(expr), name, parentenv, handler) :
     font "Times-Roman" could not be found for family "serif"
    Warning in doTryCatch(return(expr), name, parentenv, handler) :
     font "Times-Roman" could not be found for family "serif"
    Warning in doTryCatch(return(expr), name, parentenv, handler) :
     font "Times-Roman" could not be found for family "serif"
    Warning in doTryCatch(return(expr), name, parentenv, handler) :
     no font could be found for family "Arial"
    Warning in doTryCatch(return(expr), name, parentenv, handler) :
     no font could be found for family "Arial"
    Warning in doTryCatch(return(expr), name, parentenv, handler) :
     no font could be found for family "Arial"
    Warning in doTryCatch(return(expr), name, parentenv, handler) :
     font "Times-Roman" could not be found for family "serif"
    Warning in doTryCatch(return(expr), name, parentenv, handler) :
     font "Times-Roman" could not be found for family "serif"
    Warning in doTryCatch(return(expr), name, parentenv, handler) :
     font "Times-Roman" could not be found for family "serif"
    Warning in doTryCatch(return(expr), name, parentenv, handler) :
     font "Times-Roman" could not be found for family "serif"
    Warning in doTryCatch(return(expr), name, parentenv, handler) :
     font "Times-Roman" could not be found for family "serif"
    Warning in doTryCatch(return(expr), name, parentenv, handler) :
     font "Times-Roman" could not be found for family "serif"
    Warning in doTryCatch(return(expr), name, parentenv, handler) :
     font "Times-Roman" could not be found for family "serif"
    Warning in doTryCatch(return(expr), name, parentenv, handler) :
     font "Times-Roman" could not be found for family "serif"
    Warning in doTryCatch(return(expr), name, parentenv, handler) :
     font "Times-Roman" could not be found for family "serif"
    Warning in doTryCatch(return(expr), name, parentenv, handler) :
     font "Times-Roman" could not be found for family "serif"
    Warning in doTryCatch(return(expr), name, parentenv, handler) :
     font "Times-Roman" could not be found for family "serif"
    Warning in doTryCatch(return(expr), name, parentenv, handler) :
     font "Times-Roman" could not be found for family "serif"
    Warning in doTryCatch(return(expr), name, parentenv, handler) :
     no font could be found for family "Arial"
    Warning in doTryCatch(return(expr), name, parentenv, handler) :
     no font could be found for family "Arial"
    Warning in doTryCatch(return(expr), name, parentenv, handler) :
     no font could be found for family "Arial"
    Warning in doTryCatch(return(expr), name, parentenv, handler) :
     font "Times-Roman" could not be found for family "serif"
    Warning in doTryCatch(return(expr), name, parentenv, handler) :
     font "Times-Roman" could not be found for family "serif"
    Warning in doTryCatch(return(expr), name, parentenv, handler) :
     font "Times-Roman" could not be found for family "serif"
    Warning in doTryCatch(return(expr), name, parentenv, handler) :
     font "Times-Roman" could not be found for family "serif"
    Warning in doTryCatch(return(expr), name, parentenv, handler) :
     font "Times-Roman" could not be found for family "serif"
    Warning in doTryCatch(return(expr), name, parentenv, handler) :
     font "Times-Roman" could not be found for family "serif"
    Warning in doTryCatch(return(expr), name, parentenv, handler) :
     font "Times-Roman" could not be found for family "serif"
    Warning in doTryCatch(return(expr), name, parentenv, handler) :
     font "Times-Roman" could not be found for family "serif"
    Warning in doTryCatch(return(expr), name, parentenv, handler) :
     font "Times-Roman" could not be found for family "serif"
    Warning in doTryCatch(return(expr), name, parentenv, handler) :
     font "Times-Roman" could not be found for family "serif"
    Warning in doTryCatch(return(expr), name, parentenv, handler) :
     font "Times-Roman" could not be found for family "serif"
    Warning in doTryCatch(return(expr), name, parentenv, handler) :
     no font could be found for family "Arial"
    Warning in doTryCatch(return(expr), name, parentenv, handler) :
     no font could be found for family "Arial"
    Warning in doTryCatch(return(expr), name, parentenv, handler) :
     no font could be found for family "Arial"
    Warning in doTryCatch(return(expr), name, parentenv, handler) :
     font "Times-Roman" could not be found for family "serif"
    Warning in doTryCatch(return(expr), name, parentenv, handler) :
     font "Times-Roman" could not be found for family "serif"
    Warning in doTryCatch(return(expr), name, parentenv, handler) :
     font "Times-Roman" could not be found for family "serif"
    Warning in doTryCatch(return(expr), name, parentenv, handler) :
     font "Times-Roman" could not be found for family "serif"
    Warning in doTryCatch(return(expr), name, parentenv, handler) :
     font "Times-Roman" could not be found for family "serif"
    Warning in doTryCatch(return(expr), name, parentenv, handler) :
     font "Times-Roman" could not be found for family "serif"
    Warning in doTryCatch(return(expr), name, parentenv, handler) :
     font "Times-Roman" could not be found for family "serif"
    Warning in doTryCatch(return(expr), name, parentenv, handler) :
     font "Times-Roman" could not be found for family "serif"
    Warning in doTryCatch(return(expr), name, parentenv, handler) :
     font "Times-Roman" could not be found for family "serif"
    Warning in doTryCatch(return(expr), name, parentenv, handler) :
     font "Times-Roman" could not be found for family "serif"
    Warning in doTryCatch(return(expr), name, parentenv, handler) :
     font "Times-Roman" could not be found for family "serif"
    Warning in doTryCatch(return(expr), name, parentenv, handler) :
     font "Times-Roman" could not be found for family "serif"
    Warning in doTryCatch(return(expr), name, parentenv, handler) :
     font "Times-Roman" could not be found for family "serif"
    Warning in doTryCatch(return(expr), name, parentenv, handler) :
     font "Times-Roman" could not be found for family "serif"
    Warning in doTryCatch(return(expr), name, parentenv, handler) :
     no font could be found for family "Arial"
    Warning in doTryCatch(return(expr), name, parentenv, handler) :
     no font could be found for family "Arial"
    Warning in doTryCatch(return(expr), name, parentenv, handler) :
     no font could be found for family "Arial"
    Warning in doTryCatch(return(expr), name, parentenv, handler) :
     font "Times-Roman" could not be found for family "serif"
    Warning in doTryCatch(return(expr), name, parentenv, handler) :
     font "Times-Roman" could not be found for family "serif"
    Warning in doTryCatch(return(expr), name, parentenv, handler) :
     font "Times-Roman" could not be found for family "serif"
    Warning in doTryCatch(return(expr), name, parentenv, handler) :
     font "Times-Roman" could not be found for family "serif"
    Warning in doTryCatch(return(expr), name, parentenv, handler) :
     font "Times-Roman" could not be found for family "serif"
    Warning in doTryCatch(return(expr), name, parentenv, handler) :
     font "Times-Roman" could not be found for family "serif"
    Warning in doTryCatch(return(expr), name, parentenv, handler) :
     font "Times-Roman" could not be found for family "serif"
    Warning in doTryCatch(return(expr), name, parentenv, handler) :
     font "Times-Roman" could not be found for family "serif"
    Warning in doTryCatch(return(expr), name, parentenv, handler) :
     font "Times-Roman" could not be found for family "serif"
    Warning in doTryCatch(return(expr), name, parentenv, handler) :
     font "Times-Roman" could not be found for family "serif"
    Warning in doTryCatch(return(expr), name, parentenv, handler) :
     font "Times-Roman" could not be found for family "serif"
    Warning in doTryCatch(return(expr), name, parentenv, handler) :
     font "Times-Roman" could not be found for family "serif"
    Warning in doTryCatch(return(expr), name, parentenv, handler) :
     font "Times-Roman" could not be found for family "serif"
    Warning in doTryCatch(return(expr), name, parentenv, handler) :
     font "Times-Roman" could not be found for family "serif"
    Warning in doTryCatch(return(expr), name, parentenv, handler) :
     no font could be found for family "Arial"
    Warning in doTryCatch(return(expr), name, parentenv, handler) :
     no font could be found for family "Arial"
    Warning in doTryCatch(return(expr), name, parentenv, handler) :
     no font could be found for family "Arial"
    Warning in doTryCatch(return(expr), name, parentenv, handler) :
     font "Times-Roman" could not be found for family "serif"
    Warning in doTryCatch(return(expr), name, parentenv, handler) :
     font "Times-Roman" could not be found for family "serif"
    Warning in doTryCatch(return(expr), name, parentenv, handler) :
     font "Times-Roman" could not be found for family "serif"
    Warning in doTryCatch(return(expr), name, parentenv, handler) :
     font "Times-Roman" could not be found for family "serif"
    Warning in doTryCatch(return(expr), name, parentenv, handler) :
     font "Times-Roman" could not be found for family "serif"
    Warning in doTryCatch(return(expr), name, parentenv, handler) :
     font "Times-Roman" could not be found for family "serif"
    Warning in doTryCatch(return(expr), name, parentenv, handler) :
     font "Times-Roman" could not be found for family "serif"
    Warning in doTryCatch(return(expr), name, parentenv, handler) :
     font "Times-Roman" could not be found for family "serif"
    Warning in doTryCatch(return(expr), name, parentenv, handler) :
     font "Times-Roman" could not be found for family "serif"
    Warning in doTryCatch(return(expr), name, parentenv, handler) :
     font "Times-Roman" could not be found for family "serif"
    Warning in doTryCatch(return(expr), name, parentenv, handler) :
     font "Times-Roman" could not be found for family "serif"
    Warning in doTryCatch(return(expr), name, parentenv, handler) :
     font "Times-Roman" could not be found for family "serif"
    Warning in doTryCatch(return(expr), name, parentenv, handler) :
     font "Times-Roman" could not be found for family "serif"
    Quitting from lines 43-53 (ghibli.Rmd)
    Error: processing vignette 'ghibli.Rmd' failed with diagnostics:
    polygon edge not found
    --- failed re-building ‘ghibli.Rmd’
    
    SUMMARY: processing the following file failed:
     ‘ghibli.Rmd’
    
    Error: Vignette re-building failed.
    Execution halted
Flavor: r-release-macos-arm64

Version: 0.3.2
Check: package dependencies
Result: NOTE
    Package suggested but not available for checking: ‘codemetar’
Flavor: r-oldrel-macos-x86_64