CRAN Package Check Results for Package ghcm

Last updated on 2021-10-16 09:54:18 CEST.

Flavor Version Tinstall Tcheck Ttotal Status Flags
r-devel-linux-x86_64-debian-clang 2.0.0 2.95 271.67 274.62 OK
r-devel-linux-x86_64-debian-gcc 2.0.0 2.49 200.66 203.15 OK
r-devel-linux-x86_64-fedora-clang 2.0.0 341.61 NOTE
r-devel-linux-x86_64-fedora-gcc 2.0.0 318.38 NOTE
r-devel-windows-x86_64 2.0.0 16.00 290.00 306.00 OK
r-devel-windows-x86_64-gcc10-UCRT 2.0.0 NOTE
r-patched-linux-x86_64 2.0.0 3.14 257.67 260.81 OK
r-patched-solaris-x86 2.0.0 105.00 NOTE
r-release-linux-x86_64 2.0.0 2.87 267.05 269.92 OK
r-release-macos-arm64 2.0.0 NOTE
r-release-macos-x86_64 2.0.0 NOTE
r-release-windows-ix86+x86_64 2.0.0 7.00 335.00 342.00 OK
r-oldrel-macos-x86_64 2.0.0 NOTE
r-oldrel-windows-ix86+x86_64 2.0.0 7.00 334.00 341.00 OK

Check Details

Version: 2.0.0
Check: dependencies in R code
Result: NOTE
    Namespaces in Imports field not imported from:
     ‘MASS’ ‘graphics’ ‘refund’ ‘stats’ ‘utils’
     All declared Imports should be used.
Flavors: r-devel-linux-x86_64-fedora-clang, r-devel-linux-x86_64-fedora-gcc, r-devel-windows-x86_64-gcc10-UCRT, r-patched-solaris-x86, r-release-macos-arm64, r-release-macos-x86_64, r-oldrel-macos-x86_64