CRAN Package Check Results for Package ggsci

Last updated on 2021-09-21 09:52:40 CEST.

Flavor Version Tinstall Tcheck Ttotal Status Flags
r-devel-linux-x86_64-debian-clang 2.9 4.99 114.01 119.00 NOTE
r-devel-linux-x86_64-debian-gcc 2.9 3.87 81.47 85.34 NOTE
r-devel-linux-x86_64-fedora-clang 2.9 143.68 NOTE
r-devel-linux-x86_64-fedora-gcc 2.9 131.55 NOTE
r-devel-windows-x86_64 2.9 8.00 102.00 110.00 NOTE
r-devel-windows-x86_64-gcc10-UCRT 2.9 ERROR
r-patched-linux-x86_64 2.9 5.06 103.63 108.69 NOTE
r-patched-solaris-x86 2.9 173.80 NOTE
r-release-linux-x86_64 2.9 4.57 104.70 109.27 NOTE
r-release-macos-arm64 2.9 NOTE
r-release-macos-x86_64 2.9 NOTE
r-release-windows-ix86+x86_64 2.9 14.00 108.00 122.00 NOTE
r-oldrel-macos-x86_64 2.9 OK
r-oldrel-windows-ix86+x86_64 2.9 12.00 108.00 120.00 OK

Check Details

Version: 2.9
Check: LazyData
Result: NOTE
     'LazyData' is specified without a 'data' directory
Flavors: r-devel-linux-x86_64-debian-clang, r-devel-linux-x86_64-debian-gcc, r-devel-linux-x86_64-fedora-clang, r-devel-linux-x86_64-fedora-gcc, r-devel-windows-x86_64, r-devel-windows-x86_64-gcc10-UCRT, r-patched-linux-x86_64, r-patched-solaris-x86, r-release-linux-x86_64, r-release-macos-arm64, r-release-macos-x86_64, r-release-windows-ix86+x86_64

Version: 2.9
Check: whether package can be installed
Result: WARN
    Found the following significant warnings:
     WARNING: installation-time patches will not be applied, could not get the patches index
Flavor: r-devel-windows-x86_64-gcc10-UCRT

Version: 2.9
Check: PDF version of manual
Result: WARN
    LaTeX errors when creating PDF version.
    This typically indicates Rd problems.
Flavor: r-devel-windows-x86_64-gcc10-UCRT

Version: 2.9
Check: PDF version of manual without hyperrefs or index
Result: ERROR
    Re-running with no redirection of stdout/stderr.
Flavor: r-devel-windows-x86_64-gcc10-UCRT