Last updated on 2024-03-29 11:53:53 CET.
Flavor | Version | Tinstall | Tcheck | Ttotal | Status | Flags |
---|---|---|---|---|---|---|
r-devel-linux-x86_64-debian-clang | 1.2 | 18.88 | 132.77 | 151.65 | OK | |
r-devel-linux-x86_64-debian-gcc | 1.2 | 15.93 | 101.17 | 117.10 | OK | |
r-devel-linux-x86_64-fedora-clang | 1.2 | 194.09 | NOTE | |||
r-devel-linux-x86_64-fedora-gcc | 1.2 | 180.76 | OK | |||
r-devel-windows-x86_64 | 1.2 | 20.00 | 105.00 | 125.00 | NOTE | |
r-patched-linux-x86_64 | 1.2 | 14.17 | 130.11 | 144.28 | OK | |
r-release-linux-x86_64 | 1.2 | 17.57 | 131.77 | 149.34 | OK | |
r-release-macos-arm64 | 1.2 | 57.00 | NOTE | |||
r-release-macos-x86_64 | 1.2 | 91.00 | NOTE | |||
r-release-windows-x86_64 | 1.2 | 25.00 | 128.00 | 153.00 | NOTE | |
r-oldrel-macos-arm64 | 1.2 | 55.00 | NOTE | |||
r-oldrel-windows-x86_64 | 1.2 | 28.00 | 135.00 | 163.00 | NOTE |
Version: 1.2
Check: installed package size
Result: NOTE
installed size is 9.4Mb
sub-directories of 1Mb or more:
extdata 9.1Mb
Flavors: r-devel-linux-x86_64-fedora-clang, r-devel-windows-x86_64, r-release-macos-arm64, r-release-macos-x86_64, r-release-windows-x86_64, r-oldrel-macos-arm64, r-oldrel-windows-x86_64